{"id":51,"date":"2010-06-24T13:58:07","date_gmt":"2010-06-24T11:58:07","guid":{"rendered":"http:\/\/www.ekimeissenheim.de\/?page_id=51"},"modified":"2026-04-29T12:07:06","modified_gmt":"2026-04-29T10:07:06","slug":"kirchengemeinde-kurzell","status":"publish","type":"page","link":"https:\/\/www.ekimeissenheim.de\/?page_id=51","title":{"rendered":"Kirchengemeinde Kuerzell"},"content":{"rendered":"<div class=\"wp-block-image\">\n<figure class=\"alignright\"><a href=\"http:\/\/www.ekimeissenheim.de\/wp-content\/uploads\/Auferstehungsmosaik-2.jpg\"><img loading=\"lazy\" decoding=\"async\" width=\"300\" height=\"199\" src=\"http:\/\/www.ekimeissenheim.de\/wp-content\/uploads\/Auferstehungsmosaik-2-300x199.jpg\" alt=\"\" class=\"wp-image-357\" srcset=\"https:\/\/www.ekimeissenheim.de\/wp-content\/uploads\/Auferstehungsmosaik-2-300x199.jpg 300w, https:\/\/www.ekimeissenheim.de\/wp-content\/uploads\/Auferstehungsmosaik-2.jpg 800w\" sizes=\"auto, (max-width: 300px) 100vw, 300px\" \/><\/a><figcaption class=\"wp-element-caption\">Evangelische Kirche K\u00fcrzell <br>Auferstehungsmosaik<\/figcaption><\/figure>\n<\/div>\n\n\n<p><strong>Sonntag, 3. Mai 2026<\/strong><br><em>kein Gottesdienst in K\u00fcrzell&nbsp;<\/em><br><em>(Gottesdienst in Mei\u00dfenheim &#8211; 10.15 Uhr mit Pr\u00e4dikantin Biegert)<\/em><\/p>\n\n\n\n<p>10.15 Uhr <strong>Kindergottesdienst <\/strong>im Gemeindehaus in Mei\u00dfenheim<\/p>\n\n\n\n<p><strong>Sonntag, 10. Mai 2026&nbsp;<\/strong><br>kein Gottesdienst in K\u00fcrzell&nbsp;<br><em><u>in Mei\u00dfenheim:&nbsp;<\/u> 10.15 Uhr Festgottesdienst zur Wiedereinweihung der restaurierten Silbermannorgel mit Pr\u00e4lat Witzenbacher, Dekan Rainer Becker und dem Kirchenchor anschlie\u00dfend Empfang und Besichtigungsm\u00f6glichkeit<\/em><\/p>\n","protected":false},"excerpt":{"rendered":"<p>Sonntag, 3. Mai 2026kein Gottesdienst in K\u00fcrzell&nbsp;(Gottesdienst in Mei\u00dfenheim &#8211; 10.15 Uhr mit Pr\u00e4dikantin Biegert) 10.15 Uhr Kindergottesdienst im Gemeindehaus in Mei\u00dfenheim Sonntag, 10. Mai 2026&nbsp;kein Gottesdienst in K\u00fcrzell&nbsp;in Mei\u00dfenheim:&nbsp; 10.15 Uhr Festgottesdienst zur Wiedereinweihung der restaurierten Silbermannorgel mit Pr\u00e4lat &hellip; <a href=\"https:\/\/www.ekimeissenheim.de\/?page_id=51\">Weiterlesen <span class=\"meta-nav\">&rarr;<\/span><\/a><\/p>\n","protected":false},"author":2,"featured_media":0,"parent":59,"menu_order":0,"comment_status":"open","ping_status":"open","template":"","meta":{"ngg_post_thumbnail":0,"footnotes":""},"class_list":["post-51","page","type-page","status-publish","hentry"],"_links":{"self":[{"href":"https:\/\/www.ekimeissenheim.de\/index.php?rest_route=\/wp\/v2\/pages\/51","targetHints":{"allow":["GET"]}}],"collection":[{"href":"https:\/\/www.ekimeissenheim.de\/index.php?rest_route=\/wp\/v2\/pages"}],"about":[{"href":"https:\/\/www.ekimeissenheim.de\/index.php?rest_route=\/wp\/v2\/types\/page"}],"author":[{"embeddable":true,"href":"https:\/\/www.ekimeissenheim.de\/index.php?rest_route=\/wp\/v2\/users\/2"}],"replies":[{"embeddable":true,"href":"https:\/\/www.ekimeissenheim.de\/index.php?rest_route=%2Fwp%2Fv2%2Fcomments&post=51"}],"version-history":[{"count":952,"href":"https:\/\/www.ekimeissenheim.de\/index.php?rest_route=\/wp\/v2\/pages\/51\/revisions"}],"predecessor-version":[{"id":8889,"href":"https:\/\/www.ekimeissenheim.de\/index.php?rest_route=\/wp\/v2\/pages\/51\/revisions\/8889"}],"up":[{"embeddable":true,"href":"https:\/\/www.ekimeissenheim.de\/index.php?rest_route=\/wp\/v2\/pages\/59"}],"wp:attachment":[{"href":"https:\/\/www.ekimeissenheim.de\/index.php?rest_route=%2Fwp%2Fv2%2Fmedia&parent=51"}],"curies":[{"name":"wp","href":"https:\/\/api.w.org\/{rel}","templated":true}]}}

<div class="wp-block-image">
<figure class="alignright"><a href="http://www.ekimeissenheim.de/wp-content/uploads/Auferstehungsmosaik-2.jpg"><img loading="lazy" decoding="async" width="300" height="199" src="http://www.ekimeissenheim.de/wp-content/uploads/Auferstehungsmosaik-2-300x199.jpg" alt="" class="wp-image-357" srcset="https://www.ekimeissenheim.de/wp-content/uploads/Auferstehungsmosaik-2-300x199.jpg 300w, https://www.ekimeissenheim.de/wp-content/uploads/Auferstehungsmosaik-2.jpg 800w" sizes="auto, (max-width: 300px) 100vw, 300px" /></a><figcaption class="wp-element-caption">Evangelische Kirche Kürzell <br>Auferstehungsmosaik</figcaption></figure>
</div>


<p><strong>Sonntag, 3. Mai 2026</strong><br><em>kein Gottesdienst in Kürzell&nbsp;</em><br><em>(Gottesdienst in Meißenheim &#8211; 10.15 Uhr mit Prädikantin Biegert)</em></p>



<p>10.15 Uhr <strong>Kindergottesdienst </strong>im Gemeindehaus in Meißenheim</p>



<p><strong>Sonntag, 10. Mai 2026&nbsp;</strong><br>kein Gottesdienst in Kürzell&nbsp;<br><em><u>in Meißenheim:&nbsp;</u> 10.15 Uhr Festgottesdienst zur Wiedereinweihung der restaurierten Silbermannorgel mit Prälat Witzenbacher, Dekan Rainer Becker und dem Kirchenchor anschließend Empfang und Besichtigungsmöglichkeit</em></p>

<p>Sonntag, 3. Mai 2026kein Gottesdienst in Kürzell&nbsp;(Gottesdienst in Meißenheim &#8211; 10.15 Uhr mit Prädikantin Biegert) 10.15 Uhr Kindergottesdienst im Gemeindehaus in Meißenheim Sonntag, 10. Mai 2026&nbsp;kein Gottesdienst in Kürzell&nbsp;in Meißenheim:&nbsp; 10.15 Uhr Festgottesdienst zur Wiedereinweihung der restaurierten Silbermannorgel mit Prälat &hellip; <a href="https://www.ekimeissenheim.de/?page_id=51">Weiterlesen <span class="meta-nav">&rarr;</span></a></p>
