{"id":46,"date":"2010-06-23T19:26:41","date_gmt":"2010-06-23T17:26:41","guid":{"rendered":"http:\/\/www.ekimeissenheim.de\/?page_id=46"},"modified":"2026-04-21T09:03:15","modified_gmt":"2026-04-21T07:03:15","slug":"gottesdienstplan","status":"publish","type":"page","link":"https:\/\/www.ekimeissenheim.de\/?page_id=46","title":{"rendered":"Gottesdienstplan"},"content":{"rendered":"\n<p><strong>Die Gottesdienste finden im Wechsel in K\u00fcrzell und Mei\u00dfenheim statt.<\/strong><\/p>\n\n\n\n<p><strong>26.04.2026 Jubilate<\/strong><br>10.15 K\u00fcrzell, Konfirmation, Pfr. Malter<\/p>\n\n\n\n<p><strong>03.05.2026 Kantate<\/strong><br>10.15 Mei\u00dfenheim, Gottesdienst Pr\u00e4dikantin Biegert<br>10.15 Mei\u00dfenheim Kindergottesdienst f\u00fcr beide Gemeinden im Gemeindehaus Mei\u00dfenheim<\/p>\n\n\n\n<p><\/p>\n","protected":false},"excerpt":{"rendered":"<p>Die Gottesdienste finden im Wechsel in K\u00fcrzell und Mei\u00dfenheim statt. 26.04.2026 Jubilate10.15 K\u00fcrzell, Konfirmation, Pfr. Malter 03.05.2026 Kantate10.15 Mei\u00dfenheim, Gottesdienst Pr\u00e4dikantin Biegert10.15 Mei\u00dfenheim Kindergottesdienst f\u00fcr beide Gemeinden im Gemeindehaus Mei\u00dfenheim<\/p>\n","protected":false},"author":2,"featured_media":0,"parent":59,"menu_order":0,"comment_status":"open","ping_status":"open","template":"","meta":{"ngg_post_thumbnail":0,"footnotes":""},"class_list":["post-46","page","type-page","status-publish","hentry"],"_links":{"self":[{"href":"https:\/\/www.ekimeissenheim.de\/index.php?rest_route=\/wp\/v2\/pages\/46","targetHints":{"allow":["GET"]}}],"collection":[{"href":"https:\/\/www.ekimeissenheim.de\/index.php?rest_route=\/wp\/v2\/pages"}],"about":[{"href":"https:\/\/www.ekimeissenheim.de\/index.php?rest_route=\/wp\/v2\/types\/page"}],"author":[{"embeddable":true,"href":"https:\/\/www.ekimeissenheim.de\/index.php?rest_route=\/wp\/v2\/users\/2"}],"replies":[{"embeddable":true,"href":"https:\/\/www.ekimeissenheim.de\/index.php?rest_route=%2Fwp%2Fv2%2Fcomments&post=46"}],"version-history":[{"count":596,"href":"https:\/\/www.ekimeissenheim.de\/index.php?rest_route=\/wp\/v2\/pages\/46\/revisions"}],"predecessor-version":[{"id":8878,"href":"https:\/\/www.ekimeissenheim.de\/index.php?rest_route=\/wp\/v2\/pages\/46\/revisions\/8878"}],"up":[{"embeddable":true,"href":"https:\/\/www.ekimeissenheim.de\/index.php?rest_route=\/wp\/v2\/pages\/59"}],"wp:attachment":[{"href":"https:\/\/www.ekimeissenheim.de\/index.php?rest_route=%2Fwp%2Fv2%2Fmedia&parent=46"}],"curies":[{"name":"wp","href":"https:\/\/api.w.org\/{rel}","templated":true}]}}

<p><strong>Die Gottesdienste finden im Wechsel in Kürzell und Meißenheim statt.</strong></p>



<p><strong>26.04.2026 Jubilate</strong><br>10.15 Kürzell, Konfirmation, Pfr. Malter</p>



<p><strong>03.05.2026 Kantate</strong><br>10.15 Meißenheim, Gottesdienst Prädikantin Biegert<br>10.15 Meißenheim Kindergottesdienst für beide Gemeinden im Gemeindehaus Meißenheim</p>



<p></p>

<p>Die Gottesdienste finden im Wechsel in Kürzell und Meißenheim statt. 26.04.2026 Jubilate10.15 Kürzell, Konfirmation, Pfr. Malter 03.05.2026 Kantate10.15 Meißenheim, Gottesdienst Prädikantin Biegert10.15 Meißenheim Kindergottesdienst für beide Gemeinden im Gemeindehaus Meißenheim</p>
