{"id":385,"date":"2010-08-27T22:39:00","date_gmt":"2010-08-27T20:39:00","guid":{"rendered":"http:\/\/www.ekimeissenheim.de\/?page_id=385"},"modified":"2026-04-21T09:06:48","modified_gmt":"2026-04-21T07:06:48","slug":"kindergottesdienst","status":"publish","type":"page","link":"https:\/\/www.ekimeissenheim.de\/?page_id=385","title":{"rendered":"Kindergottesdienst"},"content":{"rendered":"<div class=\"wp-block-image\">\n<figure class=\"alignright\"><a href=\"http:\/\/www.ekimeissenheim.de\/wp-content\/uploads\/Kigo-Logo-klein-f\u00fcr-Homepage.jpg\"><img loading=\"lazy\" decoding=\"async\" width=\"216\" height=\"300\" src=\"http:\/\/www.ekimeissenheim.de\/wp-content\/uploads\/Kigo-Logo-klein-f\u00fcr-Homepage-216x300.jpg\" alt=\"\" class=\"wp-image-4762\" srcset=\"https:\/\/www.ekimeissenheim.de\/wp-content\/uploads\/Kigo-Logo-klein-f\u00fcr-Homepage-216x300.jpg 216w, https:\/\/www.ekimeissenheim.de\/wp-content\/uploads\/Kigo-Logo-klein-f\u00fcr-Homepage-768x1065.jpg 768w, https:\/\/www.ekimeissenheim.de\/wp-content\/uploads\/Kigo-Logo-klein-f\u00fcr-Homepage-738x1024.jpg 738w, https:\/\/www.ekimeissenheim.de\/wp-content\/uploads\/Kigo-Logo-klein-f\u00fcr-Homepage.jpg 832w\" sizes=\"auto, (max-width: 216px) 100vw, 216px\" \/><\/a><\/figure>\n<\/div>\n\n\n<p>Die Kinder der beiden <strong>Kirchengemeinden Mei\u00dfenheim und K\u00fcrzell <\/strong>treffen sich einmal im Monat im <strong>Evangelischen Gemeindehaus<\/strong> in <strong>Mei\u00dfenheim <\/strong>zum gemeinsamen Kindergottesdienst. Ein \u00fcberaus engagiertes Team an Mitarbeitenden leitet den Kindergottesdienst.<br>Nat\u00fcrlich sind auch Kinder aus anderen Gemeinden herzlich Willkommen.<\/p>\n\n\n\n<p><strong>SONNTAGS &#8211; 10.15 Uhr <\/strong><br><strong>im Gemeindehaus Mei\u00dfenheim<\/strong><\/p>\n\n\n\n<p>3. Mai 2026  &#8211; 10.15 Uhr<br>7. Juni 2026 &#8211; 10.15 Uhr <\/p>\n\n\n\n<p><strong>Und nat\u00fcrlich freuen wir uns \u00fcber weitere Mitarbeiterinnen und Mitarbeiter. <\/strong>Infos im Ev. Pfarramt unter eMail: <a href=\"mailto:meissenheim@kbz.ekiba.de\">meissenheim@kbz.ekiba.de<\/a> oder 07824 2232<\/p>\n","protected":false},"excerpt":{"rendered":"<p>Die Kinder der beiden Kirchengemeinden Mei\u00dfenheim und K\u00fcrzell treffen sich einmal im Monat im Evangelischen Gemeindehaus in Mei\u00dfenheim zum gemeinsamen Kindergottesdienst. Ein \u00fcberaus engagiertes Team an Mitarbeitenden leitet den Kindergottesdienst.Nat\u00fcrlich sind auch Kinder aus anderen Gemeinden herzlich Willkommen. SONNTAGS &#8211; &hellip; <a href=\"https:\/\/www.ekimeissenheim.de\/?page_id=385\">Weiterlesen <span class=\"meta-nav\">&rarr;<\/span><\/a><\/p>\n","protected":false},"author":2,"featured_media":0,"parent":258,"menu_order":0,"comment_status":"open","ping_status":"open","template":"","meta":{"ngg_post_thumbnail":0,"footnotes":""},"class_list":["post-385","page","type-page","status-publish","hentry"],"_links":{"self":[{"href":"https:\/\/www.ekimeissenheim.de\/index.php?rest_route=\/wp\/v2\/pages\/385","targetHints":{"allow":["GET"]}}],"collection":[{"href":"https:\/\/www.ekimeissenheim.de\/index.php?rest_route=\/wp\/v2\/pages"}],"about":[{"href":"https:\/\/www.ekimeissenheim.de\/index.php?rest_route=\/wp\/v2\/types\/page"}],"author":[{"embeddable":true,"href":"https:\/\/www.ekimeissenheim.de\/index.php?rest_route=\/wp\/v2\/users\/2"}],"replies":[{"embeddable":true,"href":"https:\/\/www.ekimeissenheim.de\/index.php?rest_route=%2Fwp%2Fv2%2Fcomments&post=385"}],"version-history":[{"count":47,"href":"https:\/\/www.ekimeissenheim.de\/index.php?rest_route=\/wp\/v2\/pages\/385\/revisions"}],"predecessor-version":[{"id":8881,"href":"https:\/\/www.ekimeissenheim.de\/index.php?rest_route=\/wp\/v2\/pages\/385\/revisions\/8881"}],"up":[{"embeddable":true,"href":"https:\/\/www.ekimeissenheim.de\/index.php?rest_route=\/wp\/v2\/pages\/258"}],"wp:attachment":[{"href":"https:\/\/www.ekimeissenheim.de\/index.php?rest_route=%2Fwp%2Fv2%2Fmedia&parent=385"}],"curies":[{"name":"wp","href":"https:\/\/api.w.org\/{rel}","templated":true}]}}

<div class="wp-block-image">
<figure class="alignright"><a href="http://www.ekimeissenheim.de/wp-content/uploads/Kigo-Logo-klein-für-Homepage.jpg"><img loading="lazy" decoding="async" width="216" height="300" src="http://www.ekimeissenheim.de/wp-content/uploads/Kigo-Logo-klein-für-Homepage-216x300.jpg" alt="" class="wp-image-4762" srcset="https://www.ekimeissenheim.de/wp-content/uploads/Kigo-Logo-klein-für-Homepage-216x300.jpg 216w, https://www.ekimeissenheim.de/wp-content/uploads/Kigo-Logo-klein-für-Homepage-768x1065.jpg 768w, https://www.ekimeissenheim.de/wp-content/uploads/Kigo-Logo-klein-für-Homepage-738x1024.jpg 738w, https://www.ekimeissenheim.de/wp-content/uploads/Kigo-Logo-klein-für-Homepage.jpg 832w" sizes="auto, (max-width: 216px) 100vw, 216px" /></a></figure>
</div>


<p>Die Kinder der beiden <strong>Kirchengemeinden Meißenheim und Kürzell </strong>treffen sich einmal im Monat im <strong>Evangelischen Gemeindehaus</strong> in <strong>Meißenheim </strong>zum gemeinsamen Kindergottesdienst. Ein überaus engagiertes Team an Mitarbeitenden leitet den Kindergottesdienst.<br>Natürlich sind auch Kinder aus anderen Gemeinden herzlich Willkommen.</p>



<p><strong>SONNTAGS &#8211; 10.15 Uhr </strong><br><strong>im Gemeindehaus Meißenheim</strong></p>



<p>3. Mai 2026  &#8211; 10.15 Uhr<br>7. Juni 2026 &#8211; 10.15 Uhr </p>



<p><strong>Und natürlich freuen wir uns über weitere Mitarbeiterinnen und Mitarbeiter. </strong>Infos im Ev. Pfarramt unter eMail: <a href="mailto:meissenheim@kbz.ekiba.de">meissenheim@kbz.ekiba.de</a> oder 07824 2232</p>

<p>Die Kinder der beiden Kirchengemeinden Meißenheim und Kürzell treffen sich einmal im Monat im Evangelischen Gemeindehaus in Meißenheim zum gemeinsamen Kindergottesdienst. Ein überaus engagiertes Team an Mitarbeitenden leitet den Kindergottesdienst.Natürlich sind auch Kinder aus anderen Gemeinden herzlich Willkommen. SONNTAGS &#8211; &hellip; <a href="https://www.ekimeissenheim.de/?page_id=385">Weiterlesen <span class="meta-nav">&rarr;</span></a></p>
