{"id":292,"date":"2010-08-26T13:02:03","date_gmt":"2010-08-26T11:02:03","guid":{"rendered":"http:\/\/www.ekimeissenheim.de\/?page_id=292"},"modified":"2010-11-09T13:53:05","modified_gmt":"2010-11-09T11:53:05","slug":"silbermannorgel","status":"publish","type":"page","link":"https:\/\/www.ekimeissenheim.de\/?page_id=292","title":{"rendered":"Allgemeines zur Silbermannorgel"},"content":{"rendered":"<p>Nach dem Bau seiner gr\u00f6\u00dften Orgel in St. Blasien (untergegangen 1944 in St. Stephan in Karlsruhe) lieferte Johann Andreas Silbermann 1776 die 13 Register umfassende, konsequent ohne Zungenstimmen geplante Orgel nach Mei\u00dfenheim. Der Meister plante hier also &#8211; \u00e4hnlich wie sein Onkel Gottfried Silbermann in Sachsen &#8211; eine reine Gemeindebegleitorgel. 1962\/64 Restaurierung und Erweiterung mit einem Positiv. Als sp\u00e4te Sch\u00f6pfung ihres Erbauers verdient die Orgel weit \u00fcber den Oberrhein hinaus Interesse. Sie ist in Baden die einzige ehemals einmanualige Orgel, die aus der Stra\u00dfburger Silbermannwerkstatt auf unsere Zeit gekommen ist. (Bernd Sulzmann)<br \/>\nImmer wieder besuchen Fachleute unsere Kirche und die Orgel und es gibt nicht wenige Stimmen, die behaupten, die Mei\u00dfenheimer Orgel sei eine unter den 100 bedeutendsten Orgeln der Welt.<\/p>\n<p>Nach Accord vom 27. Februar 1772 wurde Silbermann am 21. Mai 1776 f\u00fcr seine vollendete Orgel mit 1800 fl. und 18fl. &#8222;drinck geld&#8220; entlohnt. Weiter entnimmt man der Rechnung von 1776:<br \/>\n<em>&#8222;Ist vor 15 1\/2 Tag von H. Silbermann und 22 Tag von desen 2 gesellen, ersterer t\u00e4glich a 7 \u00df. letzterer t\u00e4gl. a 5 \u00df. vor die Kost, wie auch vor 15 1\/2 Ma\u00df alter wein a 10 x. und 55 Ma\u00df neuer Wein a 8 xr. nebst zwey leber Esen bey ankunft und abgang des H. Silbermann nebst bey sich gehabten guten an Verwanten gekost 19fl. 9 \u00df. 4 Pf. zu samen in allem. Zu vor stehender Suma mit einschlu\u00df 1 fl. 3 \u00df. 9 Pf. fuhrlon die orgel auf die Brisch aufs wa\u00dfer zu f\u00fchren, samenhaft an H. Christian baumann den hechten wirt bezalt worden 63 fl. 9 \u00df. 9 Pf.&#8220;<\/em><\/p>\n<p>1787 wechselte Joh. Conrad Sauer den &#8222;Prestant 4&#8242; von Holtz&#8220; im Pedal gegen einen &#8222;Trombeten Ba\u00df mit 25 Pfeifen von Englischen Zinn&#8220; zu 105 fl. 5 \u00df. aus.<br \/>\nAugust Merklin war der freistehende Spieltisch, das II. Manual auf Kegelladen und zum Teil die Dezimierung des Originalpfeifenkontingentes zuzuschreiben. Das heutige Positiv stammt von M\u00fchleisen.<\/p>\n<div id=\"attachment_294\" style=\"width: 510px\" class=\"wp-caption alignnone\"><a href=\"http:\/\/www.ekimeissenheim.de\/wp-content\/uploads\/Orgel-Silbermann-Front-mit-Br\u00fcstung.jpg\"><img loading=\"lazy\" decoding=\"async\" aria-describedby=\"caption-attachment-294\" class=\"size-full wp-image-294\" title=\"Orgel Silbermann Front mit Br\u00fcstung\" src=\"http:\/\/www.ekimeissenheim.de\/wp-content\/uploads\/Orgel-Silbermann-Front-mit-Br\u00fcstung.jpg\" alt=\"Orgel Silbermann Front mit Br\u00fcstung\" width=\"500\" height=\"717\" \/><\/a><p id=\"caption-attachment-294\" class=\"wp-caption-text\">Silbermannorgel Prospekt<\/p><\/div>\n<div id=\"attachment_295\" style=\"width: 650px\" class=\"wp-caption alignnone\"><a href=\"http:\/\/www.ekimeissenheim.de\/wp-content\/uploads\/Orgel-Frontansicht.jpg\"><img loading=\"lazy\" decoding=\"async\" aria-describedby=\"caption-attachment-295\" class=\"size-full wp-image-295\" title=\"Orgel Frontansicht\" src=\"http:\/\/www.ekimeissenheim.de\/wp-content\/uploads\/Orgel-Frontansicht.jpg\" alt=\"Orgel Frontansicht\" width=\"640\" height=\"480\" srcset=\"https:\/\/www.ekimeissenheim.de\/wp-content\/uploads\/Orgel-Frontansicht.jpg 640w, https:\/\/www.ekimeissenheim.de\/wp-content\/uploads\/Orgel-Frontansicht-300x225.jpg 300w\" sizes=\"auto, (max-width: 640px) 100vw, 640px\" \/><\/a><p id=\"caption-attachment-295\" class=\"wp-caption-text\">Silbermannorgel Frontansicht<\/p><\/div>\n<p><strong>Geschichte:<\/strong><br \/>\n1772\/6 Neubau durch Johann Andreas Silbermann<br \/>\n1787 Trompetba\u00df 8&#8242; durch Conrad Sauer<br \/>\n1790 und 1801 Reparaturen durch Conrad Sauer<br \/>\n1818 Reaparatur durch Blasius Schaxel<br \/>\n1826 bis 1847 Jahrespflege durch Blasius und Josef Schaxel<br \/>\n1894 Umbau durch August Merklin<br \/>\n1922 Reparatur durch August Merklin<br \/>\n1928 und Folgejahre Pflege durch H. Voit &amp; S\u00f6hne<br \/>\n1962\/4 Restaurierungserweiterung durch Ernest M\u00fchleisen<br \/>\nZuzeit wird die Orgel durch die Firma Orgelbau Vier, Oberweier gewartet.<\/p>\n<p><strong>Disposition (seit 1964)<\/strong><br \/>\n<strong><em>Hauptwerk: C-c&#8220;<\/em>&#8218;<\/strong><br \/>\nMontre &#8211; 8&#8242;<br \/>\nPrestant &#8211; 4&#8242;<br \/>\nCornet c&#8216; &#8211; 5f<br \/>\nFlutte &#8211; 4&#8242;<br \/>\nBourdon &#8211; 8&#8242;<br \/>\nNazard &#8211; 3&#8242;<br \/>\nDoublette &#8211; 2&#8242;<br \/>\nTierce &#8211; 1 3\/5&#8242;<br \/>\nFourniture 3f &#8211; 2&#8242;<br \/>\nCimbale 2f &#8211; 1\/2&#8242;<br \/>\nTrompette &#8211; 8&#8242;<br \/>\n<strong><em>Positiv: C-c&#8220;&#8216;<\/em><\/strong><br \/>\nBourdon &#8211; 8&#8242;<br \/>\nPrestant &#8211; 4&#8242;<br \/>\nNazard &#8211; 3&#8242;<br \/>\nDoublette &#8211; 2&#8242;<br \/>\nTierce &#8211; 1 3\/5&#8242;<br \/>\nFourniture 3f<br \/>\nCromorne &#8211; 8&#8242;<br \/>\n<strong><em>Pedal: C-c&#8216;<\/em><\/strong><br \/>\nSubba\u00df &#8211; 16&#8242;<br \/>\nOctavba\u00df &#8211; 8&#8242;<br \/>\nTrompetba\u00df &#8211; 8&#8242;<br \/>\nTremblant fort<br \/>\nTremblant doux<br \/>\n3 Normalkoppeln<\/p>\n<p>Quellen:<br \/>\nPfarrakte 61\/1, Gemeinderechnungen ab 1776<br \/>\nM. Hesselbacher: Die Silbermann-Orgel in Mei\u00dfenheim, in Nachrichtenblatt der Denkmalpflege in Baden-W\u00fcrttemberg, 3\/1966.<\/p>\n","protected":false},"excerpt":{"rendered":"<p>Nach dem Bau seiner gr\u00f6\u00dften Orgel in St. Blasien (untergegangen 1944 in St. Stephan in Karlsruhe) lieferte Johann Andreas Silbermann 1776 die 13 Register umfassende, konsequent ohne Zungenstimmen geplante Orgel nach Mei\u00dfenheim. Der Meister plante hier also &#8211; \u00e4hnlich wie &hellip; <a href=\"https:\/\/www.ekimeissenheim.de\/?page_id=292\">Weiterlesen <span class=\"meta-nav\">&rarr;<\/span><\/a><\/p>\n","protected":false},"author":2,"featured_media":0,"parent":660,"menu_order":0,"comment_status":"open","ping_status":"open","template":"","meta":{"ngg_post_thumbnail":0,"footnotes":""},"class_list":["post-292","page","type-page","status-publish","hentry"],"_links":{"self":[{"href":"https:\/\/www.ekimeissenheim.de\/index.php?rest_route=\/wp\/v2\/pages\/292","targetHints":{"allow":["GET"]}}],"collection":[{"href":"https:\/\/www.ekimeissenheim.de\/index.php?rest_route=\/wp\/v2\/pages"}],"about":[{"href":"https:\/\/www.ekimeissenheim.de\/index.php?rest_route=\/wp\/v2\/types\/page"}],"author":[{"embeddable":true,"href":"https:\/\/www.ekimeissenheim.de\/index.php?rest_route=\/wp\/v2\/users\/2"}],"replies":[{"embeddable":true,"href":"https:\/\/www.ekimeissenheim.de\/index.php?rest_route=%2Fwp%2Fv2%2Fcomments&post=292"}],"version-history":[{"count":8,"href":"https:\/\/www.ekimeissenheim.de\/index.php?rest_route=\/wp\/v2\/pages\/292\/revisions"}],"predecessor-version":[{"id":297,"href":"https:\/\/www.ekimeissenheim.de\/index.php?rest_route=\/wp\/v2\/pages\/292\/revisions\/297"}],"up":[{"embeddable":true,"href":"https:\/\/www.ekimeissenheim.de\/index.php?rest_route=\/wp\/v2\/pages\/660"}],"wp:attachment":[{"href":"https:\/\/www.ekimeissenheim.de\/index.php?rest_route=%2Fwp%2Fv2%2Fmedia&parent=292"}],"curies":[{"name":"wp","href":"https:\/\/api.w.org\/{rel}","templated":true}]}}