{"id":282,"date":"2010-08-26T12:10:28","date_gmt":"2010-08-26T10:10:28","guid":{"rendered":"http:\/\/www.ekimeissenheim.de\/?page_id=282"},"modified":"2023-08-04T16:12:34","modified_gmt":"2023-08-04T14:12:34","slug":"krabbelgottesdienst","status":"publish","type":"page","link":"https:\/\/www.ekimeissenheim.de\/?page_id=282","title":{"rendered":"Krabbelgottesdienst &#8211; Kinder-Kirche"},"content":{"rendered":"<p><a href=\"http:\/\/www.ekimeissenheim.de\/wp-content\/uploads\/Krabbelgottesdienst-Kerze.jpg\"><img loading=\"lazy\" decoding=\"async\" class=\"alignleft size-medium wp-image-3395\" src=\"http:\/\/www.ekimeissenheim.de\/wp-content\/uploads\/Krabbelgottesdienst-Kerze-300x199.jpg\" alt=\"Krabbelgottesdienst - Kerze\" width=\"300\" height=\"199\" srcset=\"https:\/\/www.ekimeissenheim.de\/wp-content\/uploads\/Krabbelgottesdienst-Kerze-300x199.jpg 300w, https:\/\/www.ekimeissenheim.de\/wp-content\/uploads\/Krabbelgottesdienst-Kerze.jpg 800w\" sizes=\"auto, (max-width: 300px) 100vw, 300px\" \/><\/a>Einige Male im Jahr feiern wir einen besonderen Gottesdienst f\u00fcr die Kleinsten unter uns. Eingeladen sind alle Kinder bis 6 Jahren mit ihren Eltern und Geschwistern. Der Gottesdienst wird von einem engagierten Team vorbereitet und durchgef\u00fchrt. Ganz oft spielt &#8222;Anton&#8220; eine Rolle im Krabbelgottesdienst. Diese Handpuppe f\u00fchrt Gespr\u00e4che mit den Kindern oder erkl\u00e4rt ihnen religi\u00f6se Themen.<\/p>\n<p><strong>Wir haben uns einen neuen Namen gegeben, damit sich auch die etwas \u00e4lteren Kinder zu uns getrauen und hei\u00dfen jetzt: &#8222;Kinder-Kirche&#8220;<\/strong><\/p>\n<p><a href=\"http:\/\/www.ekimeissenheim.de\/wp-content\/uploads\/Kinder-Kirche-Logobild-2016.jpg\" rel=\"attachment wp-att-4006\"><img loading=\"lazy\" decoding=\"async\" class=\"alignleft wp-image-4006 size-medium\" src=\"http:\/\/www.ekimeissenheim.de\/wp-content\/uploads\/Kinder-Kirche-Logobild-2016-203x300.jpg\" alt=\"Kinder-Kirche - Logobild 2016\" width=\"203\" height=\"300\" srcset=\"https:\/\/www.ekimeissenheim.de\/wp-content\/uploads\/Kinder-Kirche-Logobild-2016-203x300.jpg 203w, https:\/\/www.ekimeissenheim.de\/wp-content\/uploads\/Kinder-Kirche-Logobild-2016.jpg 500w\" sizes=\"auto, (max-width: 203px) 100vw, 203px\" \/><\/a><strong>In der Regel treffen wir uns in der Evangelischen Kirche in Mei\u00dfenheim, um 17.00 Uhr.<\/strong><\/p>\n<p><strong>N\u00e4chste&nbsp; Termine:<br \/>\n<\/strong>W\u00e4hrend der Vakanzzeit wird es wohl keine Kinder-Kirche geben k\u00f6nnen und wie es dann weitergeht zeigt sich nach der Besetzung der Pfarrstelle.<strong><br \/>\n<\/strong><\/p>\n<p>&nbsp;<\/p>\n","protected":false},"excerpt":{"rendered":"<p>Einige Male im Jahr feiern wir einen besonderen Gottesdienst f\u00fcr die Kleinsten unter uns. Eingeladen sind alle Kinder bis 6 Jahren mit ihren Eltern und Geschwistern. Der Gottesdienst wird von einem engagierten Team vorbereitet und durchgef\u00fchrt. Ganz oft spielt &#8222;Anton&#8220; &hellip; <a href=\"https:\/\/www.ekimeissenheim.de\/?page_id=282\">Weiterlesen <span class=\"meta-nav\">&rarr;<\/span><\/a><\/p>\n","protected":false},"author":2,"featured_media":0,"parent":258,"menu_order":0,"comment_status":"open","ping_status":"open","template":"","meta":{"ngg_post_thumbnail":0,"footnotes":""},"class_list":["post-282","page","type-page","status-publish","hentry"],"_links":{"self":[{"href":"https:\/\/www.ekimeissenheim.de\/index.php?rest_route=\/wp\/v2\/pages\/282","targetHints":{"allow":["GET"]}}],"collection":[{"href":"https:\/\/www.ekimeissenheim.de\/index.php?rest_route=\/wp\/v2\/pages"}],"about":[{"href":"https:\/\/www.ekimeissenheim.de\/index.php?rest_route=\/wp\/v2\/types\/page"}],"author":[{"embeddable":true,"href":"https:\/\/www.ekimeissenheim.de\/index.php?rest_route=\/wp\/v2\/users\/2"}],"replies":[{"embeddable":true,"href":"https:\/\/www.ekimeissenheim.de\/index.php?rest_route=%2Fwp%2Fv2%2Fcomments&post=282"}],"version-history":[{"count":35,"href":"https:\/\/www.ekimeissenheim.de\/index.php?rest_route=\/wp\/v2\/pages\/282\/revisions"}],"predecessor-version":[{"id":7962,"href":"https:\/\/www.ekimeissenheim.de\/index.php?rest_route=\/wp\/v2\/pages\/282\/revisions\/7962"}],"up":[{"embeddable":true,"href":"https:\/\/www.ekimeissenheim.de\/index.php?rest_route=\/wp\/v2\/pages\/258"}],"wp:attachment":[{"href":"https:\/\/www.ekimeissenheim.de\/index.php?rest_route=%2Fwp%2Fv2%2Fmedia&parent=282"}],"curies":[{"name":"wp","href":"https:\/\/api.w.org\/{rel}","templated":true}]}}

<p><a href="http://www.ekimeissenheim.de/wp-content/uploads/Krabbelgottesdienst-Kerze.jpg"><img loading="lazy" decoding="async" class="alignleft size-medium wp-image-3395" src="http://www.ekimeissenheim.de/wp-content/uploads/Krabbelgottesdienst-Kerze-300x199.jpg" alt="Krabbelgottesdienst - Kerze" width="300" height="199" srcset="https://www.ekimeissenheim.de/wp-content/uploads/Krabbelgottesdienst-Kerze-300x199.jpg 300w, https://www.ekimeissenheim.de/wp-content/uploads/Krabbelgottesdienst-Kerze.jpg 800w" sizes="auto, (max-width: 300px) 100vw, 300px" /></a>Einige Male im Jahr feiern wir einen besonderen Gottesdienst für die Kleinsten unter uns. Eingeladen sind alle Kinder bis 6 Jahren mit ihren Eltern und Geschwistern. Der Gottesdienst wird von einem engagierten Team vorbereitet und durchgeführt. Ganz oft spielt &#8222;Anton&#8220; eine Rolle im Krabbelgottesdienst. Diese Handpuppe führt Gespräche mit den Kindern oder erklärt ihnen religiöse Themen.</p>
<p><strong>Wir haben uns einen neuen Namen gegeben, damit sich auch die etwas älteren Kinder zu uns getrauen und heißen jetzt: &#8222;Kinder-Kirche&#8220;</strong></p>
<p><a href="http://www.ekimeissenheim.de/wp-content/uploads/Kinder-Kirche-Logobild-2016.jpg" rel="attachment wp-att-4006"><img loading="lazy" decoding="async" class="alignleft wp-image-4006 size-medium" src="http://www.ekimeissenheim.de/wp-content/uploads/Kinder-Kirche-Logobild-2016-203x300.jpg" alt="Kinder-Kirche - Logobild 2016" width="203" height="300" srcset="https://www.ekimeissenheim.de/wp-content/uploads/Kinder-Kirche-Logobild-2016-203x300.jpg 203w, https://www.ekimeissenheim.de/wp-content/uploads/Kinder-Kirche-Logobild-2016.jpg 500w" sizes="auto, (max-width: 203px) 100vw, 203px" /></a><strong>In der Regel treffen wir uns in der Evangelischen Kirche in Meißenheim, um 17.00 Uhr.</strong></p>
<p><strong>Nächste&nbsp; Termine:<br />
</strong>Während der Vakanzzeit wird es wohl keine Kinder-Kirche geben können und wie es dann weitergeht zeigt sich nach der Besetzung der Pfarrstelle.<strong><br />
</strong></p>
<p>&nbsp;</p>

<p>Einige Male im Jahr feiern wir einen besonderen Gottesdienst für die Kleinsten unter uns. Eingeladen sind alle Kinder bis 6 Jahren mit ihren Eltern und Geschwistern. Der Gottesdienst wird von einem engagierten Team vorbereitet und durchgeführt. Ganz oft spielt &#8222;Anton&#8220; &hellip; <a href="https://www.ekimeissenheim.de/?page_id=282">Weiterlesen <span class="meta-nav">&rarr;</span></a></p>
