{"id":265,"date":"2010-08-26T11:04:04","date_gmt":"2010-08-26T09:04:04","guid":{"rendered":"http:\/\/www.ekimeissenheim.de\/?page_id=265"},"modified":"2018-03-01T01:02:03","modified_gmt":"2018-02-28T23:02:03","slug":"kirchenchor-meisenheim","status":"publish","type":"page","link":"https:\/\/www.ekimeissenheim.de\/?page_id=265","title":{"rendered":"Kirchenchor Mei\u00dfenheim"},"content":{"rendered":"<p><a href=\"http:\/\/www.ekimeissenheim.de\/wp-content\/uploads\/Kirchenchor-Logo-90Jahre.jpg\" rel=\"attachment wp-att-4026\"><img loading=\"lazy\" decoding=\"async\" class=\"alignleft size-full wp-image-4026\" src=\"http:\/\/www.ekimeissenheim.de\/wp-content\/uploads\/Kirchenchor-Logo-90Jahre.jpg\" alt=\"Kirchenchor Logo 90Jahre\" width=\"312\" height=\"561\" srcset=\"https:\/\/www.ekimeissenheim.de\/wp-content\/uploads\/Kirchenchor-Logo-90Jahre.jpg 312w, https:\/\/www.ekimeissenheim.de\/wp-content\/uploads\/Kirchenchor-Logo-90Jahre-167x300.jpg 167w\" sizes=\"auto, (max-width: 312px) 100vw, 312px\" \/><\/a><\/p>\n<p>Liebe zum Gesang und die intensive Gemeinschaft f\u00fchrt M\u00e4nner und Frauen im Kirchenchor zusammen. Die Probe findet am Mittwoch um 20.00 Uhr im Evangelischen Gemeindehaus in Mei\u00dfenheim statt.<\/p>\n<p><em><strong>Wir suchen immer Menschen, die gerne mitsingen. Kommen Sie einfach vorbei und machen Sie mit.<\/strong><\/em><\/p>\n<p>Wenn Sie Fragen haben, dann wenden Sie sich bitte an Herta Hannemann (Obfrau) Tel. 1394 oder Friedrich Huser (Obmann) Tel. 4350<\/p>\n<p>&nbsp;<\/p>\n<p>&nbsp;<\/p>\n<p>&nbsp;<\/p>\n<p>&nbsp;<\/p>\n<p><strong>Generalversammlung des Kirchenchores am 28.2.2018<br \/>\n<\/strong><\/p>\n<p>In der j\u00e4hrlichen Generalversammlung wurde der Jahresbericht durch die Schriftf\u00fchrerin Sonja Kunz vorgetragen. Obmann Friedhelm Huser begr\u00fc\u00dfte zuvor alle anwesenden S\u00e4ngerinnen und S\u00e4nger, Pfr. Heinz Adler und B\u00fcrgermeister Alexander Schr\u00f6der. Susanne Mo\u00dfmann, die Dirigentin des Chores lobte den unerm\u00fcdlichen Einsatz der Chormitglieder und betonte vor allem, dass es &#8211; auch in evangelischen Gemeinden &#8211; nicht mehr selbstvest\u00e4ndlich sei, dass der Kirchenchor an jedem hohen Fest des Kirchenjahres mitwirke.<br \/>\nGro\u00dfen Erfolg konnte man verzeichnen mit dem Projekt, S\u00e4ngerinnen und S\u00e4nger f\u00fcr den Heiligen Abend zu finden. Auch die anderern gro\u00dfen Chorprojekte mit Gasts\u00e4ngern sind Erfolgsgaranten (Johannismusik, Adventsmusik).<\/p>\n<p>Der Kassenbericht der Kassiererin Monika Glaser machte deutlich, dass das finanzielle Polster \u00e4u\u00dferst d\u00fcnn sei und dringend neue passive Mitglieder gesucht werden. Aber nat\u00fcrlich sind auch aktive S\u00e4ngerinnen und S\u00e4nger herzlich willkommen.<br \/>\nDie Neuwahlen zur Vorstandschaft brachte geringe Ver\u00e4nderungen. B\u00fcrgermeister Alexander Schr\u00f6der bedankte sich beim Chor f\u00fcr sein Engagement und w\u00fcnschte f\u00fcr die Zukunft alles Gute.<\/p>\n<p>Auf dem Bild sind zu sehen: Monika Glaser (Kassiererin), Herta Hannemann (Obfrau), Friedhelm Huser (Obmann), Thomas Sensenbrenner (Notenwart), Sigrid Kunz (neue Beisitzerin), Gerlinde Hierlinger (neue Schriftf\u00fchrerin) und Dirigentin Susanne Mo\u00dfmann<br \/>\n<a href=\"http:\/\/www.ekimeissenheim.de\/wp-content\/uploads\/Kirchenchor-Vorstand-2018-02-28.jpg\"><img loading=\"lazy\" decoding=\"async\" class=\"alignleft size-full wp-image-4985\" src=\"http:\/\/www.ekimeissenheim.de\/wp-content\/uploads\/Kirchenchor-Vorstand-2018-02-28.jpg\" alt=\"\" width=\"1333\" height=\"1000\" srcset=\"https:\/\/www.ekimeissenheim.de\/wp-content\/uploads\/Kirchenchor-Vorstand-2018-02-28.jpg 1333w, https:\/\/www.ekimeissenheim.de\/wp-content\/uploads\/Kirchenchor-Vorstand-2018-02-28-300x225.jpg 300w, https:\/\/www.ekimeissenheim.de\/wp-content\/uploads\/Kirchenchor-Vorstand-2018-02-28-768x576.jpg 768w, https:\/\/www.ekimeissenheim.de\/wp-content\/uploads\/Kirchenchor-Vorstand-2018-02-28-1024x768.jpg 1024w\" sizes=\"auto, (max-width: 1333px) 100vw, 1333px\" \/><\/a><\/p>\n<p>&nbsp;<\/p>\n","protected":false},"excerpt":{"rendered":"<p>Liebe zum Gesang und die intensive Gemeinschaft f\u00fchrt M\u00e4nner und Frauen im Kirchenchor zusammen. Die Probe findet am Mittwoch um 20.00 Uhr im Evangelischen Gemeindehaus in Mei\u00dfenheim statt. Wir suchen immer Menschen, die gerne mitsingen. Kommen Sie einfach vorbei und &hellip; <a href=\"https:\/\/www.ekimeissenheim.de\/?page_id=265\">Weiterlesen <span class=\"meta-nav\">&rarr;<\/span><\/a><\/p>\n","protected":false},"author":2,"featured_media":0,"parent":258,"menu_order":0,"comment_status":"open","ping_status":"open","template":"","meta":{"ngg_post_thumbnail":0,"footnotes":""},"class_list":["post-265","page","type-page","status-publish","hentry"],"_links":{"self":[{"href":"https:\/\/www.ekimeissenheim.de\/index.php?rest_route=\/wp\/v2\/pages\/265","targetHints":{"allow":["GET"]}}],"collection":[{"href":"https:\/\/www.ekimeissenheim.de\/index.php?rest_route=\/wp\/v2\/pages"}],"about":[{"href":"https:\/\/www.ekimeissenheim.de\/index.php?rest_route=\/wp\/v2\/types\/page"}],"author":[{"embeddable":true,"href":"https:\/\/www.ekimeissenheim.de\/index.php?rest_route=\/wp\/v2\/users\/2"}],"replies":[{"embeddable":true,"href":"https:\/\/www.ekimeissenheim.de\/index.php?rest_route=%2Fwp%2Fv2%2Fcomments&post=265"}],"version-history":[{"count":19,"href":"https:\/\/www.ekimeissenheim.de\/index.php?rest_route=\/wp\/v2\/pages\/265\/revisions"}],"predecessor-version":[{"id":4991,"href":"https:\/\/www.ekimeissenheim.de\/index.php?rest_route=\/wp\/v2\/pages\/265\/revisions\/4991"}],"up":[{"embeddable":true,"href":"https:\/\/www.ekimeissenheim.de\/index.php?rest_route=\/wp\/v2\/pages\/258"}],"wp:attachment":[{"href":"https:\/\/www.ekimeissenheim.de\/index.php?rest_route=%2Fwp%2Fv2%2Fmedia&parent=265"}],"curies":[{"name":"wp","href":"https:\/\/api.w.org\/{rel}","templated":true}]}}

Kirchenchor Meißenheim

<p><a href="http://www.ekimeissenheim.de/wp-content/uploads/Kirchenchor-Logo-90Jahre.jpg" rel="attachment wp-att-4026"><img loading="lazy" decoding="async" class="alignleft size-full wp-image-4026" src="http://www.ekimeissenheim.de/wp-content/uploads/Kirchenchor-Logo-90Jahre.jpg" alt="Kirchenchor Logo 90Jahre" width="312" height="561" srcset="https://www.ekimeissenheim.de/wp-content/uploads/Kirchenchor-Logo-90Jahre.jpg 312w, https://www.ekimeissenheim.de/wp-content/uploads/Kirchenchor-Logo-90Jahre-167x300.jpg 167w" sizes="auto, (max-width: 312px) 100vw, 312px" /></a></p>
<p>Liebe zum Gesang und die intensive Gemeinschaft führt Männer und Frauen im Kirchenchor zusammen. Die Probe findet am Mittwoch um 20.00 Uhr im Evangelischen Gemeindehaus in Meißenheim statt.</p>
<p><em><strong>Wir suchen immer Menschen, die gerne mitsingen. Kommen Sie einfach vorbei und machen Sie mit.</strong></em></p>
<p>Wenn Sie Fragen haben, dann wenden Sie sich bitte an Herta Hannemann (Obfrau) Tel. 1394 oder Friedrich Huser (Obmann) Tel. 4350</p>
<p>&nbsp;</p>
<p>&nbsp;</p>
<p>&nbsp;</p>
<p>&nbsp;</p>
<p><strong>Generalversammlung des Kirchenchores am 28.2.2018<br />
</strong></p>
<p>In der jährlichen Generalversammlung wurde der Jahresbericht durch die Schriftführerin Sonja Kunz vorgetragen. Obmann Friedhelm Huser begrüßte zuvor alle anwesenden Sängerinnen und Sänger, Pfr. Heinz Adler und Bürgermeister Alexander Schröder. Susanne Moßmann, die Dirigentin des Chores lobte den unermüdlichen Einsatz der Chormitglieder und betonte vor allem, dass es &#8211; auch in evangelischen Gemeinden &#8211; nicht mehr selbstveständlich sei, dass der Kirchenchor an jedem hohen Fest des Kirchenjahres mitwirke.<br />
Großen Erfolg konnte man verzeichnen mit dem Projekt, Sängerinnen und Sänger für den Heiligen Abend zu finden. Auch die anderern großen Chorprojekte mit Gastsängern sind Erfolgsgaranten (Johannismusik, Adventsmusik).</p>
<p>Der Kassenbericht der Kassiererin Monika Glaser machte deutlich, dass das finanzielle Polster äußerst dünn sei und dringend neue passive Mitglieder gesucht werden. Aber natürlich sind auch aktive Sängerinnen und Sänger herzlich willkommen.<br />
Die Neuwahlen zur Vorstandschaft brachte geringe Veränderungen. Bürgermeister Alexander Schröder bedankte sich beim Chor für sein Engagement und wünschte für die Zukunft alles Gute.</p>
<p>Auf dem Bild sind zu sehen: Monika Glaser (Kassiererin), Herta Hannemann (Obfrau), Friedhelm Huser (Obmann), Thomas Sensenbrenner (Notenwart), Sigrid Kunz (neue Beisitzerin), Gerlinde Hierlinger (neue Schriftführerin) und Dirigentin Susanne Moßmann<br />
<a href="http://www.ekimeissenheim.de/wp-content/uploads/Kirchenchor-Vorstand-2018-02-28.jpg"><img loading="lazy" decoding="async" class="alignleft size-full wp-image-4985" src="http://www.ekimeissenheim.de/wp-content/uploads/Kirchenchor-Vorstand-2018-02-28.jpg" alt="" width="1333" height="1000" srcset="https://www.ekimeissenheim.de/wp-content/uploads/Kirchenchor-Vorstand-2018-02-28.jpg 1333w, https://www.ekimeissenheim.de/wp-content/uploads/Kirchenchor-Vorstand-2018-02-28-300x225.jpg 300w, https://www.ekimeissenheim.de/wp-content/uploads/Kirchenchor-Vorstand-2018-02-28-768x576.jpg 768w, https://www.ekimeissenheim.de/wp-content/uploads/Kirchenchor-Vorstand-2018-02-28-1024x768.jpg 1024w" sizes="auto, (max-width: 1333px) 100vw, 1333px" /></a></p>
<p>&nbsp;</p>

<p>Liebe zum Gesang und die intensive Gemeinschaft führt Männer und Frauen im Kirchenchor zusammen. Die Probe findet am Mittwoch um 20.00 Uhr im Evangelischen Gemeindehaus in Meißenheim statt. Wir suchen immer Menschen, die gerne mitsingen. Kommen Sie einfach vorbei und &hellip; <a href="https://www.ekimeissenheim.de/?page_id=265">Weiterlesen <span class="meta-nav">&rarr;</span></a></p>
