{"id":261,"date":"2010-08-26T10:58:22","date_gmt":"2010-08-26T08:58:22","guid":{"rendered":"http:\/\/www.ekimeissenheim.de\/?page_id=261"},"modified":"2023-08-04T16:10:59","modified_gmt":"2023-08-04T14:10:59","slug":"offener-abendfrauenkreis-meisenheim","status":"publish","type":"page","link":"https:\/\/www.ekimeissenheim.de\/?page_id=261","title":{"rendered":"Frauenkreis Mei\u00dfenheim\/Offener Abend"},"content":{"rendered":"<p><strong><a href=\"http:\/\/www.ekimeissenheim.de\/wp-content\/uploads\/Frauenkreis-Offener-Abend.jpg\"><img loading=\"lazy\" decoding=\"async\" class=\"alignleft size-full wp-image-4768\" src=\"http:\/\/www.ekimeissenheim.de\/wp-content\/uploads\/Frauenkreis-Offener-Abend.jpg\" alt=\"\" width=\"224\" height=\"113\"><\/a>&#8222;Offener Abend&#8220;<\/strong><strong><br \/>\n<\/strong>so nennt sich der Frauenkreis in Mei\u00dfenheim und dieser Name ist Programm. Wir wollen ein &#8222;offener Kreis&#8220; sein und freuen uns \u00fcber Zuwachs. Gerne d\u00fcrfen Sie auch nur zu einem der Themen bei uns dabei sein. Wir treffen uns jeweils am Donnerstag im Evangelischen Gemeindehaus in Mei\u00dfenheim.<\/p>\n<p><strong>Der Frauenkreis &#8222;Offener Abend f\u00fcr Frauen&#8220; hat mit dem Seniorenkreis fusioniert. Die Termine entnehmen sie unter Seniorenkreis Mei\u00dfenheim.<\/strong><\/p>\n","protected":false},"excerpt":{"rendered":"<p>&#8222;Offener Abend&#8220; so nennt sich der Frauenkreis in Mei\u00dfenheim und dieser Name ist Programm. Wir wollen ein &#8222;offener Kreis&#8220; sein und freuen uns \u00fcber Zuwachs. Gerne d\u00fcrfen Sie auch nur zu einem der Themen bei uns dabei sein. Wir treffen &hellip; <a href=\"https:\/\/www.ekimeissenheim.de\/?page_id=261\">Weiterlesen <span class=\"meta-nav\">&rarr;<\/span><\/a><\/p>\n","protected":false},"author":2,"featured_media":0,"parent":258,"menu_order":0,"comment_status":"open","ping_status":"open","template":"","meta":{"ngg_post_thumbnail":0,"footnotes":""},"class_list":["post-261","page","type-page","status-publish","hentry"],"_links":{"self":[{"href":"https:\/\/www.ekimeissenheim.de\/index.php?rest_route=\/wp\/v2\/pages\/261","targetHints":{"allow":["GET"]}}],"collection":[{"href":"https:\/\/www.ekimeissenheim.de\/index.php?rest_route=\/wp\/v2\/pages"}],"about":[{"href":"https:\/\/www.ekimeissenheim.de\/index.php?rest_route=\/wp\/v2\/types\/page"}],"author":[{"embeddable":true,"href":"https:\/\/www.ekimeissenheim.de\/index.php?rest_route=\/wp\/v2\/users\/2"}],"replies":[{"embeddable":true,"href":"https:\/\/www.ekimeissenheim.de\/index.php?rest_route=%2Fwp%2Fv2%2Fcomments&post=261"}],"version-history":[{"count":19,"href":"https:\/\/www.ekimeissenheim.de\/index.php?rest_route=\/wp\/v2\/pages\/261\/revisions"}],"predecessor-version":[{"id":7960,"href":"https:\/\/www.ekimeissenheim.de\/index.php?rest_route=\/wp\/v2\/pages\/261\/revisions\/7960"}],"up":[{"embeddable":true,"href":"https:\/\/www.ekimeissenheim.de\/index.php?rest_route=\/wp\/v2\/pages\/258"}],"wp:attachment":[{"href":"https:\/\/www.ekimeissenheim.de\/index.php?rest_route=%2Fwp%2Fv2%2Fmedia&parent=261"}],"curies":[{"name":"wp","href":"https:\/\/api.w.org\/{rel}","templated":true}]}}

Frauenkreis Meißenheim/Offener Abend

<p><strong><a href="http://www.ekimeissenheim.de/wp-content/uploads/Frauenkreis-Offener-Abend.jpg"><img loading="lazy" decoding="async" class="alignleft size-full wp-image-4768" src="http://www.ekimeissenheim.de/wp-content/uploads/Frauenkreis-Offener-Abend.jpg" alt="" width="224" height="113"></a>&#8222;Offener Abend&#8220;</strong><strong><br />
</strong>so nennt sich der Frauenkreis in Meißenheim und dieser Name ist Programm. Wir wollen ein &#8222;offener Kreis&#8220; sein und freuen uns über Zuwachs. Gerne dürfen Sie auch nur zu einem der Themen bei uns dabei sein. Wir treffen uns jeweils am Donnerstag im Evangelischen Gemeindehaus in Meißenheim.</p>
<p><strong>Der Frauenkreis &#8222;Offener Abend für Frauen&#8220; hat mit dem Seniorenkreis fusioniert. Die Termine entnehmen sie unter Seniorenkreis Meißenheim.</strong></p>

<p>&#8222;Offener Abend&#8220; so nennt sich der Frauenkreis in Meißenheim und dieser Name ist Programm. Wir wollen ein &#8222;offener Kreis&#8220; sein und freuen uns über Zuwachs. Gerne dürfen Sie auch nur zu einem der Themen bei uns dabei sein. Wir treffen &hellip; <a href="https://www.ekimeissenheim.de/?page_id=261">Weiterlesen <span class="meta-nav">&rarr;</span></a></p>
