{"id":238,"date":"2010-08-24T20:10:43","date_gmt":"2010-08-24T18:10:43","guid":{"rendered":"http:\/\/www.ekimeissenheim.de\/?page_id=238"},"modified":"2010-08-27T17:05:35","modified_gmt":"2010-08-27T15:05:35","slug":"kirche-meisenheim","status":"publish","type":"page","link":"https:\/\/www.ekimeissenheim.de\/?page_id=238","title":{"rendered":"Bilder Kirche Mei\u00dfenheim"},"content":{"rendered":"<p>Hier ein paar Eindr\u00fccke von unserer Kirche und deren Sch\u00f6nheit!<\/p>\n<div id='gallery-1' class='gallery galleryid-238 gallery-columns-2 gallery-size-thumbnail'><dl class='gallery-item'>\n\t\t\t<dt class='gallery-icon landscape'>\n\t\t\t\t<a href='https:\/\/www.ekimeissenheim.de\/wp-content\/uploads\/neuer-Taufstein.jpg'><img loading=\"lazy\" decoding=\"async\" width=\"150\" height=\"150\" src=\"https:\/\/www.ekimeissenheim.de\/wp-content\/uploads\/neuer-Taufstein-150x150.jpg\" class=\"attachment-thumbnail size-thumbnail\" alt=\"\" \/><\/a>\n\t\t\t<\/dt><\/dl><dl class='gallery-item'>\n\t\t\t<dt class='gallery-icon landscape'>\n\t\t\t\t<a href='https:\/\/www.ekimeissenheim.de\/wp-content\/uploads\/Taufstein-Ambo-und-Altar1.jpg'><img loading=\"lazy\" decoding=\"async\" width=\"150\" height=\"150\" src=\"https:\/\/www.ekimeissenheim.de\/wp-content\/uploads\/Taufstein-Ambo-und-Altar1-150x150.jpg\" class=\"attachment-thumbnail size-thumbnail\" alt=\"\" \/><\/a>\n\t\t\t<\/dt><\/dl><br style=\"clear: both\" \/><dl class='gallery-item'>\n\t\t\t<dt class='gallery-icon landscape'>\n\t\t\t\t<a href='https:\/\/www.ekimeissenheim.de\/wp-content\/uploads\/Altarkreuz1.jpg'><img loading=\"lazy\" decoding=\"async\" width=\"150\" height=\"150\" src=\"https:\/\/www.ekimeissenheim.de\/wp-content\/uploads\/Altarkreuz1-150x150.jpg\" class=\"attachment-thumbnail size-thumbnail\" alt=\"\" \/><\/a>\n\t\t\t<\/dt><\/dl><dl class='gallery-item'>\n\t\t\t<dt class='gallery-icon landscape'>\n\t\t\t\t<a href='https:\/\/www.ekimeissenheim.de\/wp-content\/uploads\/Aufgang-zur-Kanzel1.jpg'><img loading=\"lazy\" decoding=\"async\" width=\"150\" height=\"150\" src=\"https:\/\/www.ekimeissenheim.de\/wp-content\/uploads\/Aufgang-zur-Kanzel1-150x150.jpg\" class=\"attachment-thumbnail size-thumbnail\" alt=\"\" \/><\/a>\n\t\t\t<\/dt><\/dl><br style=\"clear: both\" \/><dl class='gallery-item'>\n\t\t\t<dt class='gallery-icon landscape'>\n\t\t\t\t<a href='https:\/\/www.ekimeissenheim.de\/wp-content\/uploads\/Blick-auf-den-Altarraum1.jpg'><img loading=\"lazy\" decoding=\"async\" width=\"150\" height=\"150\" src=\"https:\/\/www.ekimeissenheim.de\/wp-content\/uploads\/Blick-auf-den-Altarraum1-150x150.jpg\" class=\"attachment-thumbnail size-thumbnail\" alt=\"\" \/><\/a>\n\t\t\t<\/dt><\/dl><dl class='gallery-item'>\n\t\t\t<dt class='gallery-icon landscape'>\n\t\t\t\t<a href='https:\/\/www.ekimeissenheim.de\/wp-content\/uploads\/Blick-vom-Friederike-Brion-Weg1.jpg'><img loading=\"lazy\" decoding=\"async\" width=\"150\" height=\"150\" src=\"https:\/\/www.ekimeissenheim.de\/wp-content\/uploads\/Blick-vom-Friederike-Brion-Weg1-150x150.jpg\" class=\"attachment-thumbnail size-thumbnail\" alt=\"\" \/><\/a>\n\t\t\t<\/dt><\/dl><br style=\"clear: both\" \/><dl class='gallery-item'>\n\t\t\t<dt class='gallery-icon landscape'>\n\t\t\t\t<a href='https:\/\/www.ekimeissenheim.de\/wp-content\/uploads\/Dorfansicht-mit-Kirche1.jpg'><img loading=\"lazy\" decoding=\"async\" width=\"150\" height=\"150\" src=\"https:\/\/www.ekimeissenheim.de\/wp-content\/uploads\/Dorfansicht-mit-Kirche1-150x150.jpg\" class=\"attachment-thumbnail size-thumbnail\" alt=\"\" \/><\/a>\n\t\t\t<\/dt><\/dl><dl class='gallery-item'>\n\t\t\t<dt class='gallery-icon landscape'>\n\t\t\t\t<a href='https:\/\/www.ekimeissenheim.de\/wp-content\/uploads\/Haupteingang1.jpg'><img loading=\"lazy\" decoding=\"async\" width=\"150\" height=\"150\" src=\"https:\/\/www.ekimeissenheim.de\/wp-content\/uploads\/Haupteingang1-150x150.jpg\" class=\"attachment-thumbnail size-thumbnail\" alt=\"\" \/><\/a>\n\t\t\t<\/dt><\/dl><br style=\"clear: both\" \/><dl class='gallery-item'>\n\t\t\t<dt class='gallery-icon landscape'>\n\t\t\t\t<a href='https:\/\/www.ekimeissenheim.de\/wp-content\/uploads\/Kirche-vom-Dorf-her1.jpg'><img loading=\"lazy\" decoding=\"async\" width=\"150\" height=\"150\" src=\"https:\/\/www.ekimeissenheim.de\/wp-content\/uploads\/Kirche-vom-Dorf-her1-150x150.jpg\" class=\"attachment-thumbnail size-thumbnail\" alt=\"\" \/><\/a>\n\t\t\t<\/dt><\/dl><dl class='gallery-item'>\n\t\t\t<dt class='gallery-icon landscape'>\n\t\t\t\t<a href='https:\/\/www.ekimeissenheim.de\/wp-content\/uploads\/Kirche-vom-Gemeindehaus-gesehen1.jpg'><img loading=\"lazy\" decoding=\"async\" width=\"150\" height=\"150\" src=\"https:\/\/www.ekimeissenheim.de\/wp-content\/uploads\/Kirche-vom-Gemeindehaus-gesehen1-150x150.jpg\" class=\"attachment-thumbnail size-thumbnail\" alt=\"\" \/><\/a>\n\t\t\t<\/dt><\/dl><br style=\"clear: both\" \/><dl class='gallery-item'>\n\t\t\t<dt class='gallery-icon landscape'>\n\t\t\t\t<a href='https:\/\/www.ekimeissenheim.de\/wp-content\/uploads\/Kirchturm1.jpg'><img loading=\"lazy\" decoding=\"async\" width=\"150\" height=\"150\" src=\"https:\/\/www.ekimeissenheim.de\/wp-content\/uploads\/Kirchturm1-150x150.jpg\" class=\"attachment-thumbnail size-thumbnail\" alt=\"\" \/><\/a>\n\t\t\t<\/dt><\/dl><dl class='gallery-item'>\n\t\t\t<dt class='gallery-icon landscape'>\n\t\t\t\t<a href='https:\/\/www.ekimeissenheim.de\/wp-content\/uploads\/neuer-Taufstein1.jpg'><img loading=\"lazy\" decoding=\"async\" width=\"150\" height=\"150\" src=\"https:\/\/www.ekimeissenheim.de\/wp-content\/uploads\/neuer-Taufstein1-150x150.jpg\" class=\"attachment-thumbnail size-thumbnail\" alt=\"\" \/><\/a>\n\t\t\t<\/dt><\/dl><br style=\"clear: both\" \/>\n\t\t<\/div>\n\n","protected":false},"excerpt":{"rendered":"<p>Hier ein paar Eindr\u00fccke von unserer Kirche und deren Sch\u00f6nheit!<\/p>\n","protected":false},"author":2,"featured_media":0,"parent":376,"menu_order":0,"comment_status":"open","ping_status":"open","template":"","meta":{"ngg_post_thumbnail":0,"footnotes":""},"class_list":["post-238","page","type-page","status-publish","hentry"],"_links":{"self":[{"href":"https:\/\/www.ekimeissenheim.de\/index.php?rest_route=\/wp\/v2\/pages\/238","targetHints":{"allow":["GET"]}}],"collection":[{"href":"https:\/\/www.ekimeissenheim.de\/index.php?rest_route=\/wp\/v2\/pages"}],"about":[{"href":"https:\/\/www.ekimeissenheim.de\/index.php?rest_route=\/wp\/v2\/types\/page"}],"author":[{"embeddable":true,"href":"https:\/\/www.ekimeissenheim.de\/index.php?rest_route=\/wp\/v2\/users\/2"}],"replies":[{"embeddable":true,"href":"https:\/\/www.ekimeissenheim.de\/index.php?rest_route=%2Fwp%2Fv2%2Fcomments&post=238"}],"version-history":[{"count":17,"href":"https:\/\/www.ekimeissenheim.de\/index.php?rest_route=\/wp\/v2\/pages\/238\/revisions"}],"predecessor-version":[{"id":378,"href":"https:\/\/www.ekimeissenheim.de\/index.php?rest_route=\/wp\/v2\/pages\/238\/revisions\/378"}],"up":[{"embeddable":true,"href":"https:\/\/www.ekimeissenheim.de\/index.php?rest_route=\/wp\/v2\/pages\/376"}],"wp:attachment":[{"href":"https:\/\/www.ekimeissenheim.de\/index.php?rest_route=%2Fwp%2Fv2%2Fmedia&parent=238"}],"curies":[{"name":"wp","href":"https:\/\/api.w.org\/{rel}","templated":true}]}}

Bilder Kirche Meißenheim

<p>Hier ein paar Eindrücke von unserer Kirche und deren Schönheit!</p>
<div id='gallery-1' class='gallery galleryid-238 gallery-columns-2 gallery-size-thumbnail'><dl class='gallery-item'>
			<dt class='gallery-icon landscape'>
				<a href='https://www.ekimeissenheim.de/wp-content/uploads/neuer-Taufstein.jpg'><img loading="lazy" decoding="async" width="150" height="150" src="https://www.ekimeissenheim.de/wp-content/uploads/neuer-Taufstein-150x150.jpg" class="attachment-thumbnail size-thumbnail" alt="" /></a>
			</dt></dl><dl class='gallery-item'>
			<dt class='gallery-icon landscape'>
				<a href='https://www.ekimeissenheim.de/wp-content/uploads/Taufstein-Ambo-und-Altar1.jpg'><img loading="lazy" decoding="async" width="150" height="150" src="https://www.ekimeissenheim.de/wp-content/uploads/Taufstein-Ambo-und-Altar1-150x150.jpg" class="attachment-thumbnail size-thumbnail" alt="" /></a>
			</dt></dl><br style="clear: both" /><dl class='gallery-item'>
			<dt class='gallery-icon landscape'>
				<a href='https://www.ekimeissenheim.de/wp-content/uploads/Altarkreuz1.jpg'><img loading="lazy" decoding="async" width="150" height="150" src="https://www.ekimeissenheim.de/wp-content/uploads/Altarkreuz1-150x150.jpg" class="attachment-thumbnail size-thumbnail" alt="" /></a>
			</dt></dl><dl class='gallery-item'>
			<dt class='gallery-icon landscape'>
				<a href='https://www.ekimeissenheim.de/wp-content/uploads/Aufgang-zur-Kanzel1.jpg'><img loading="lazy" decoding="async" width="150" height="150" src="https://www.ekimeissenheim.de/wp-content/uploads/Aufgang-zur-Kanzel1-150x150.jpg" class="attachment-thumbnail size-thumbnail" alt="" /></a>
			</dt></dl><br style="clear: both" /><dl class='gallery-item'>
			<dt class='gallery-icon landscape'>
				<a href='https://www.ekimeissenheim.de/wp-content/uploads/Blick-auf-den-Altarraum1.jpg'><img loading="lazy" decoding="async" width="150" height="150" src="https://www.ekimeissenheim.de/wp-content/uploads/Blick-auf-den-Altarraum1-150x150.jpg" class="attachment-thumbnail size-thumbnail" alt="" /></a>
			</dt></dl><dl class='gallery-item'>
			<dt class='gallery-icon landscape'>
				<a href='https://www.ekimeissenheim.de/wp-content/uploads/Blick-vom-Friederike-Brion-Weg1.jpg'><img loading="lazy" decoding="async" width="150" height="150" src="https://www.ekimeissenheim.de/wp-content/uploads/Blick-vom-Friederike-Brion-Weg1-150x150.jpg" class="attachment-thumbnail size-thumbnail" alt="" /></a>
			</dt></dl><br style="clear: both" /><dl class='gallery-item'>
			<dt class='gallery-icon landscape'>
				<a href='https://www.ekimeissenheim.de/wp-content/uploads/Dorfansicht-mit-Kirche1.jpg'><img loading="lazy" decoding="async" width="150" height="150" src="https://www.ekimeissenheim.de/wp-content/uploads/Dorfansicht-mit-Kirche1-150x150.jpg" class="attachment-thumbnail size-thumbnail" alt="" /></a>
			</dt></dl><dl class='gallery-item'>
			<dt class='gallery-icon landscape'>
				<a href='https://www.ekimeissenheim.de/wp-content/uploads/Haupteingang1.jpg'><img loading="lazy" decoding="async" width="150" height="150" src="https://www.ekimeissenheim.de/wp-content/uploads/Haupteingang1-150x150.jpg" class="attachment-thumbnail size-thumbnail" alt="" /></a>
			</dt></dl><br style="clear: both" /><dl class='gallery-item'>
			<dt class='gallery-icon landscape'>
				<a href='https://www.ekimeissenheim.de/wp-content/uploads/Kirche-vom-Dorf-her1.jpg'><img loading="lazy" decoding="async" width="150" height="150" src="https://www.ekimeissenheim.de/wp-content/uploads/Kirche-vom-Dorf-her1-150x150.jpg" class="attachment-thumbnail size-thumbnail" alt="" /></a>
			</dt></dl><dl class='gallery-item'>
			<dt class='gallery-icon landscape'>
				<a href='https://www.ekimeissenheim.de/wp-content/uploads/Kirche-vom-Gemeindehaus-gesehen1.jpg'><img loading="lazy" decoding="async" width="150" height="150" src="https://www.ekimeissenheim.de/wp-content/uploads/Kirche-vom-Gemeindehaus-gesehen1-150x150.jpg" class="attachment-thumbnail size-thumbnail" alt="" /></a>
			</dt></dl><br style="clear: both" /><dl class='gallery-item'>
			<dt class='gallery-icon landscape'>
				<a href='https://www.ekimeissenheim.de/wp-content/uploads/Kirchturm1.jpg'><img loading="lazy" decoding="async" width="150" height="150" src="https://www.ekimeissenheim.de/wp-content/uploads/Kirchturm1-150x150.jpg" class="attachment-thumbnail size-thumbnail" alt="" /></a>
			</dt></dl><dl class='gallery-item'>
			<dt class='gallery-icon landscape'>
				<a href='https://www.ekimeissenheim.de/wp-content/uploads/neuer-Taufstein1.jpg'><img loading="lazy" decoding="async" width="150" height="150" src="https://www.ekimeissenheim.de/wp-content/uploads/neuer-Taufstein1-150x150.jpg" class="attachment-thumbnail size-thumbnail" alt="" /></a>
			</dt></dl><br style="clear: both" />
		</div>

<p>Hier ein paar Eindrücke von unserer Kirche und deren Schönheit!</p>
