{"id":220,"date":"2010-08-24T18:18:57","date_gmt":"2010-08-24T16:18:57","guid":{"rendered":"http:\/\/www.ekimeissenheim.de\/?page_id=220"},"modified":"2026-04-23T11:48:26","modified_gmt":"2026-04-23T09:48:26","slug":"willkommen","status":"publish","type":"page","link":"https:\/\/www.ekimeissenheim.de\/","title":{"rendered":"Willkommen"},"content":{"rendered":"\n<div class=\"wp-block-group\"><div class=\"wp-block-group__inner-container is-layout-flow wp-block-group-is-layout-flow\">\n<div class=\"wp-block-group\"><div class=\"wp-block-group__inner-container is-layout-flow wp-block-group-is-layout-flow\">\n<p style=\"text-align: left;\"><strong><em><a href=\"http:\/\/www.ekimeissenheim.de\/wp-content\/uploads\/Kirche-Jubil\u00e4um-Meissenheim-2016-logo_250jahre.jpg\" rel=\"attachment wp-att-3988\"><img loading=\"lazy\" decoding=\"async\" class=\"wp-image-3988 alignleft\" src=\"http:\/\/www.ekimeissenheim.de\/wp-content\/uploads\/Kirche-Jubil\u00e4um-Meissenheim-2016-logo_250jahre-280x300.jpg\" alt=\"\" width=\"99\" height=\"106\" srcset=\"https:\/\/www.ekimeissenheim.de\/wp-content\/uploads\/Kirche-Jubil\u00e4um-Meissenheim-2016-logo_250jahre-280x300.jpg 280w, https:\/\/www.ekimeissenheim.de\/wp-content\/uploads\/Kirche-Jubil\u00e4um-Meissenheim-2016-logo_250jahre-768x824.jpg 768w, https:\/\/www.ekimeissenheim.de\/wp-content\/uploads\/Kirche-Jubil\u00e4um-Meissenheim-2016-logo_250jahre.jpg 800w\" sizes=\"auto, (max-width: 99px) 100vw, 99px\" \/><\/a><\/em>Herzlich willkommen auf der Homepage der <br \/>Evangelischen <a href=\"http:\/\/www.ekimeissenheim.de\/wp-content\/uploads\/Logo-Kuerzell-3.png\"><img loading=\"lazy\" decoding=\"async\" class=\" wp-image-6413 alignright\" src=\"http:\/\/www.ekimeissenheim.de\/wp-content\/uploads\/Logo-Kuerzell-3-300x220.png\" alt=\"\" width=\"138\" height=\"101\" srcset=\"https:\/\/www.ekimeissenheim.de\/wp-content\/uploads\/Logo-Kuerzell-3-300x220.png 300w, https:\/\/www.ekimeissenheim.de\/wp-content\/uploads\/Logo-Kuerzell-3.png 493w\" sizes=\"auto, (max-width: 138px) 100vw, 138px\" \/><\/a>Kirchengemeinde Mei\u00dfenheim und der Evangelischen Kirchengemeinde K\u00fcrzell. <br \/><\/strong><\/p>\n<p style=\"text-align: left;\"><strong>Sch\u00f6n, dass Sie bei uns rein schauen!<\/strong><\/p>\n<hr>\n<\/div><\/div>\n<\/div><\/div>\n\n\n\n<figure class=\"wp-block-image size-large\"><a href=\"https:\/\/www.ekimeissenheim.de\/wp-content\/uploads\/Wiedereinweihung-Plakat-10.05.2026-1.jpg\"><img loading=\"lazy\" decoding=\"async\" width=\"724\" height=\"1024\" src=\"https:\/\/www.ekimeissenheim.de\/wp-content\/uploads\/Wiedereinweihung-Plakat-10.05.2026-1-724x1024.jpg\" alt=\"\" class=\"wp-image-8885\" srcset=\"https:\/\/www.ekimeissenheim.de\/wp-content\/uploads\/Wiedereinweihung-Plakat-10.05.2026-1-724x1024.jpg 724w, https:\/\/www.ekimeissenheim.de\/wp-content\/uploads\/Wiedereinweihung-Plakat-10.05.2026-1-212x300.jpg 212w, https:\/\/www.ekimeissenheim.de\/wp-content\/uploads\/Wiedereinweihung-Plakat-10.05.2026-1-768x1086.jpg 768w, https:\/\/www.ekimeissenheim.de\/wp-content\/uploads\/Wiedereinweihung-Plakat-10.05.2026-1-1086x1536.jpg 1086w, https:\/\/www.ekimeissenheim.de\/wp-content\/uploads\/Wiedereinweihung-Plakat-10.05.2026-1.jpg 1240w\" sizes=\"auto, (max-width: 724px) 100vw, 724px\" \/><\/a><\/figure>\n\n\n\n<h2 class=\"wp-block-heading\"><strong>Kirchengemeinder\u00e4te in K\u00fcrzell und Mei\u00dfenheim<\/strong><\/h2>\n\n\n\n<p>Bei der Kirchenwahl am 1. Advent 2025 sind f\u00fcr die <strong>Evangelische Kirchengemeinde K\u00fcrzell<\/strong> folgende <strong>Kirchen\u00e4lteste <\/strong>gew\u00e4hlt worden:<br>Glaser, Carmen<br>Kern, Vanessa<br>Kientz, G\u00fcnter<br>Scheiwe, Sybille<br>Zimmer, Patrick (1. Vorsitzender)<br><br>F\u00fcr die <strong>Evangelische Kirchengemeinde Mei\u00dfenheim<\/strong> sind folgende <strong>Kirchen\u00e4lteste <\/strong>gew\u00e4hlt worden:<br>Deutscher, Martina<br>Elble, Frederic<br>Gnacke, Nadine<br>Heitzmann, Dominik<br>Klenert, Heike (Stellvertr. Vorsitzende)<br>Lutz, Gerhard<br>Velz, Markus (1. Vorsitzender)<\/p>\n\n\n\n<h2 class=\"wp-block-heading\"><strong>Pfarrstelle &#8211; Ausschreibung<\/strong><\/h2>\n\n\n\n<div class=\"wp-block-file\"><a id=\"wp-block-file--media-92b1d973-1d88-49da-b2ac-21fcd48d0c03\" href=\"http:\/\/www.ekimeissenheim.de\/wp-content\/uploads\/ortenau_meissenheim_kuerzell_online_v21.pdf\" target=\"_blank\" rel=\"noreferrer noopener\"><strong>Stellenausschreibung Evang.Landeskirche Baden<\/strong><br>ortenau_meissenheim_kuerzell_online_v21<\/a><a href=\"http:\/\/www.ekimeissenheim.de\/wp-content\/uploads\/ortenau_meissenheim_kuerzell_online_v21.pdf\" class=\"wp-block-file__button wp-element-button\" download aria-describedby=\"wp-block-file--media-92b1d973-1d88-49da-b2ac-21fcd48d0c03\">Herunterladen<\/a><\/div>\n\n\n\n<p><strong>Die evangelischen Kirchengemeinden suchen einen<br>Pfarrer (m\/w\/d)<\/strong><br>Mei\u00dfenheim und K\u00fcrzell sind zwei benachbarte D\u00f6rfer im Ried. Beide Ortschaften bilden die politische Gemeinde Mei\u00dfenheim. Mit ca. 2.530 Einwohnern ist Mei\u00dfenheim ein \u00fcberwiegend evangelisch gepr\u00e4gtes Dorf mit 1.300 Gemeindegliedern. K\u00fcrzell hat ca. 1.500 Einwohner, von denen ca. 580 evangelisch sind.<br><br><strong>Was wir bieten:<\/strong><\/p>\n\n\n\n<ul class=\"wp-block-list\">\n<li>Gottesdienste im 14-t\u00e4gigen Wechsel in den Gemeinden, mitgestaltet durch Kirchen- und Posaunenchor sowie einem Orgeldienst mit mehreren verf\u00fcgbaren Organisten<\/li>\n\n\n\n<li>Moderne Kirchenarbeit mit verschiedenen Gottesdienstformen wie Familien-,&nbsp; Kinder- und Krabbelgottesdienst, Unterst\u00fctzung durch Pr\u00e4dikanten\/-innen und einer Kirchengemeinde, die offen ist f\u00fcr neue Wege<\/li>\n\n\n\n<li>Engagierte Kirchengemeinder\u00e4te in beiden Gemeinden, sowie ehrenamtliche Mitarbeiter\/innen in verschiedenen Kreisen und Gruppen (z.B. Frauen- und Seniorenkreis)<\/li>\n\n\n\n<li>Eine enge Zusammenarbeit mit allen Kirchengemeinden im Ried und sehr gute Kontakte zur katholischen Kirche sowie zur politischen Gemeinde und den \u00f6rtlichen Vereinen<\/li>\n\n\n\n<li>Ein ger\u00e4umiges und ruhig gelegenes Pfarrhaus mit mehreren Wohnr\u00e4umen, Hausarbeitsraum, Keller, gro\u00dfem Garten sowie Glasfaseranschluss. Angeschlossen ist ein modernes Pfarrb\u00fcro mit einer versierten Verwaltungsangestellten<\/li>\n\n\n\n<li>Kinderg\u00e4rten, Grund- und eine F\u00f6rderschule sind am Ort vorhanden, die weiterf\u00fchrenden Schulen sind im n\u00e4heren Umkreis<\/li>\n<\/ul>\n\n\n\n<p><strong>Was wir uns w\u00fcnschen:<\/strong><\/p>\n\n\n\n<ul class=\"wp-block-list\">\n<li>Freude an einer lebendigen Gestaltung der Gottesdienste und an lebensnaher Seelsorge<\/li>\n\n\n\n<li>Die F\u00e4higkeit, neue Impulse in das Gemeindeleben einzubringen, das Gemeindeleben zu f\u00f6rdern und bew\u00e4hrte Konzepte weiter auszubauen <\/li>\n\n\n\n<li>Unterst\u00fctzung der Mitarbeitenden und eine partnerschaftliche Zusammenarbeit mit den Kirchengemeinder\u00e4ten und den Kolleg\/innen im Ried<\/li>\n\n\n\n<li>Engagement im Bereich der Kinder- und Jugendarbeit sowie eine St\u00e4rkung der Zusammenarbeit zwischen den beiden Gemeinden Mei\u00dfenheim und K\u00fcrzell<\/li>\n<\/ul>\n\n\n\n<p>_____________________________________________________________<\/p>\n\n\n\n<p>Unsere <strong>Anschrift,<\/strong> die <strong>\u00d6ffnungszeiten des Pfarrb\u00fcros<\/strong> sowie <strong>Hinweise zum Datenschutz<\/strong> finden Sie unter <em>&#8222;Impressum&#8220;.<\/em><\/p>\n\n\n\n<p>Auch unsere <strong>Kontonummer<\/strong> ist dort zu finden, falls Sie uns etwas spenden m\u00f6chten<em>.<\/em><\/p>\n\n\n\n<p>Die aktuellen Veranstaltungen und Termine der Gruppen und Kreise stehen unter <strong>&#8222;Gottesdienste\/Veranstaltungen&#8220;<\/strong> und dann unter dem jeweiligen Ort.<\/p>\n\n\n\n<p>Der <strong>Gottesdienstplan<\/strong> bietet eine l\u00e4ngerfristige \u00dcbersicht zu unseren Gottesdiensten.<\/p>\n\n\n\n<p>Schauen Sie auch unter <strong>&#8222;Aktuelles&#8220;<\/strong> dort sind jeweils Veranstaltungshinweise oder kleine Berichte zu Ereignissen eingestellt. Diese finden Sie auch auf der rechten Seite (Letzte Artikel)<strong>.<\/strong><\/p>\n","protected":false},"excerpt":{"rendered":"<p>Herzlich willkommen auf der Homepage der Evangelischen Kirchengemeinde Mei\u00dfenheim und der Evangelischen Kirchengemeinde K\u00fcrzell. Sch\u00f6n, dass Sie bei uns rein schauen! Kirchengemeinder\u00e4te in K\u00fcrzell und Mei\u00dfenheim Bei der Kirchenwahl am 1. Advent 2025 sind f\u00fcr die Evangelische Kirchengemeinde K\u00fcrzell folgende &hellip; <a href=\"https:\/\/www.ekimeissenheim.de\/\">Weiterlesen <span class=\"meta-nav\">&rarr;<\/span><\/a><\/p>\n","protected":false},"author":2,"featured_media":8788,"parent":0,"menu_order":0,"comment_status":"open","ping_status":"open","template":"","meta":{"ngg_post_thumbnail":0,"footnotes":""},"class_list":["post-220","page","type-page","status-publish","has-post-thumbnail","hentry"],"_links":{"self":[{"href":"https:\/\/www.ekimeissenheim.de\/index.php?rest_route=\/wp\/v2\/pages\/220","targetHints":{"allow":["GET"]}}],"collection":[{"href":"https:\/\/www.ekimeissenheim.de\/index.php?rest_route=\/wp\/v2\/pages"}],"about":[{"href":"https:\/\/www.ekimeissenheim.de\/index.php?rest_route=\/wp\/v2\/types\/page"}],"author":[{"embeddable":true,"href":"https:\/\/www.ekimeissenheim.de\/index.php?rest_route=\/wp\/v2\/users\/2"}],"replies":[{"embeddable":true,"href":"https:\/\/www.ekimeissenheim.de\/index.php?rest_route=%2Fwp%2Fv2%2Fcomments&post=220"}],"version-history":[{"count":158,"href":"https:\/\/www.ekimeissenheim.de\/index.php?rest_route=\/wp\/v2\/pages\/220\/revisions"}],"predecessor-version":[{"id":8887,"href":"https:\/\/www.ekimeissenheim.de\/index.php?rest_route=\/wp\/v2\/pages\/220\/revisions\/8887"}],"wp:featuredmedia":[{"embeddable":true,"href":"https:\/\/www.ekimeissenheim.de\/index.php?rest_route=\/wp\/v2\/media\/8788"}],"wp:attachment":[{"href":"https:\/\/www.ekimeissenheim.de\/index.php?rest_route=%2Fwp%2Fv2%2Fmedia&parent=220"}],"curies":[{"name":"wp","href":"https:\/\/api.w.org\/{rel}","templated":true}]}}

<div class="wp-block-group"><div class="wp-block-group__inner-container is-layout-flow wp-block-group-is-layout-flow">
<div class="wp-block-group"><div class="wp-block-group__inner-container is-layout-flow wp-block-group-is-layout-flow">
<p style="text-align: left;"><strong><em><a href="http://www.ekimeissenheim.de/wp-content/uploads/Kirche-Jubiläum-Meissenheim-2016-logo_250jahre.jpg" rel="attachment wp-att-3988"><img loading="lazy" decoding="async" class="wp-image-3988 alignleft" src="http://www.ekimeissenheim.de/wp-content/uploads/Kirche-Jubiläum-Meissenheim-2016-logo_250jahre-280x300.jpg" alt="" width="99" height="106" srcset="https://www.ekimeissenheim.de/wp-content/uploads/Kirche-Jubiläum-Meissenheim-2016-logo_250jahre-280x300.jpg 280w, https://www.ekimeissenheim.de/wp-content/uploads/Kirche-Jubiläum-Meissenheim-2016-logo_250jahre-768x824.jpg 768w, https://www.ekimeissenheim.de/wp-content/uploads/Kirche-Jubiläum-Meissenheim-2016-logo_250jahre.jpg 800w" sizes="auto, (max-width: 99px) 100vw, 99px" /></a></em>Herzlich willkommen auf der Homepage der <br />Evangelischen <a href="http://www.ekimeissenheim.de/wp-content/uploads/Logo-Kuerzell-3.png"><img loading="lazy" decoding="async" class=" wp-image-6413 alignright" src="http://www.ekimeissenheim.de/wp-content/uploads/Logo-Kuerzell-3-300x220.png" alt="" width="138" height="101" srcset="https://www.ekimeissenheim.de/wp-content/uploads/Logo-Kuerzell-3-300x220.png 300w, https://www.ekimeissenheim.de/wp-content/uploads/Logo-Kuerzell-3.png 493w" sizes="auto, (max-width: 138px) 100vw, 138px" /></a>Kirchengemeinde Meißenheim und der Evangelischen Kirchengemeinde Kürzell. <br /></strong></p>
<p style="text-align: left;"><strong>Schön, dass Sie bei uns rein schauen!</strong></p>
<hr>
</div></div>
</div></div>



<figure class="wp-block-image size-large"><a href="https://www.ekimeissenheim.de/wp-content/uploads/Wiedereinweihung-Plakat-10.05.2026-1.jpg"><img loading="lazy" decoding="async" width="724" height="1024" src="https://www.ekimeissenheim.de/wp-content/uploads/Wiedereinweihung-Plakat-10.05.2026-1-724x1024.jpg" alt="" class="wp-image-8885" srcset="https://www.ekimeissenheim.de/wp-content/uploads/Wiedereinweihung-Plakat-10.05.2026-1-724x1024.jpg 724w, https://www.ekimeissenheim.de/wp-content/uploads/Wiedereinweihung-Plakat-10.05.2026-1-212x300.jpg 212w, https://www.ekimeissenheim.de/wp-content/uploads/Wiedereinweihung-Plakat-10.05.2026-1-768x1086.jpg 768w, https://www.ekimeissenheim.de/wp-content/uploads/Wiedereinweihung-Plakat-10.05.2026-1-1086x1536.jpg 1086w, https://www.ekimeissenheim.de/wp-content/uploads/Wiedereinweihung-Plakat-10.05.2026-1.jpg 1240w" sizes="auto, (max-width: 724px) 100vw, 724px" /></a></figure>



<h2 class="wp-block-heading"><strong>Kirchengemeinderäte in Kürzell und Meißenheim</strong></h2>



<p>Bei der Kirchenwahl am 1. Advent 2025 sind für die <strong>Evangelische Kirchengemeinde Kürzell</strong> folgende <strong>Kirchenälteste </strong>gewählt worden:<br>Glaser, Carmen<br>Kern, Vanessa<br>Kientz, Günter<br>Scheiwe, Sybille<br>Zimmer, Patrick (1. Vorsitzender)<br><br>Für die <strong>Evangelische Kirchengemeinde Meißenheim</strong> sind folgende <strong>Kirchenälteste </strong>gewählt worden:<br>Deutscher, Martina<br>Elble, Frederic<br>Gnacke, Nadine<br>Heitzmann, Dominik<br>Klenert, Heike (Stellvertr. Vorsitzende)<br>Lutz, Gerhard<br>Velz, Markus (1. Vorsitzender)</p>



<h2 class="wp-block-heading"><strong>Pfarrstelle &#8211; Ausschreibung</strong></h2>



<div class="wp-block-file"><a id="wp-block-file--media-92b1d973-1d88-49da-b2ac-21fcd48d0c03" href="http://www.ekimeissenheim.de/wp-content/uploads/ortenau_meissenheim_kuerzell_online_v21.pdf" target="_blank" rel="noreferrer noopener"><strong>Stellenausschreibung Evang.Landeskirche Baden</strong><br>ortenau_meissenheim_kuerzell_online_v21</a><a href="http://www.ekimeissenheim.de/wp-content/uploads/ortenau_meissenheim_kuerzell_online_v21.pdf" class="wp-block-file__button wp-element-button" download aria-describedby="wp-block-file--media-92b1d973-1d88-49da-b2ac-21fcd48d0c03">Herunterladen</a></div>



<p><strong>Die evangelischen Kirchengemeinden suchen einen<br>Pfarrer (m/w/d)</strong><br>Meißenheim und Kürzell sind zwei benachbarte Dörfer im Ried. Beide Ortschaften bilden die politische Gemeinde Meißenheim. Mit ca. 2.530 Einwohnern ist Meißenheim ein überwiegend evangelisch geprägtes Dorf mit 1.300 Gemeindegliedern. Kürzell hat ca. 1.500 Einwohner, von denen ca. 580 evangelisch sind.<br><br><strong>Was wir bieten:</strong></p>



<ul class="wp-block-list">
<li>Gottesdienste im 14-tägigen Wechsel in den Gemeinden, mitgestaltet durch Kirchen- und Posaunenchor sowie einem Orgeldienst mit mehreren verfügbaren Organisten</li>



<li>Moderne Kirchenarbeit mit verschiedenen Gottesdienstformen wie Familien-,&nbsp; Kinder- und Krabbelgottesdienst, Unterstützung durch Prädikanten/-innen und einer Kirchengemeinde, die offen ist für neue Wege</li>



<li>Engagierte Kirchengemeinderäte in beiden Gemeinden, sowie ehrenamtliche Mitarbeiter/innen in verschiedenen Kreisen und Gruppen (z.B. Frauen- und Seniorenkreis)</li>



<li>Eine enge Zusammenarbeit mit allen Kirchengemeinden im Ried und sehr gute Kontakte zur katholischen Kirche sowie zur politischen Gemeinde und den örtlichen Vereinen</li>



<li>Ein geräumiges und ruhig gelegenes Pfarrhaus mit mehreren Wohnräumen, Hausarbeitsraum, Keller, großem Garten sowie Glasfaseranschluss. Angeschlossen ist ein modernes Pfarrbüro mit einer versierten Verwaltungsangestellten</li>



<li>Kindergärten, Grund- und eine Förderschule sind am Ort vorhanden, die weiterführenden Schulen sind im näheren Umkreis</li>
</ul>



<p><strong>Was wir uns wünschen:</strong></p>



<ul class="wp-block-list">
<li>Freude an einer lebendigen Gestaltung der Gottesdienste und an lebensnaher Seelsorge</li>



<li>Die Fähigkeit, neue Impulse in das Gemeindeleben einzubringen, das Gemeindeleben zu fördern und bewährte Konzepte weiter auszubauen </li>



<li>Unterstützung der Mitarbeitenden und eine partnerschaftliche Zusammenarbeit mit den Kirchengemeinderäten und den Kolleg/innen im Ried</li>



<li>Engagement im Bereich der Kinder- und Jugendarbeit sowie eine Stärkung der Zusammenarbeit zwischen den beiden Gemeinden Meißenheim und Kürzell</li>
</ul>



<p>_____________________________________________________________</p>



<p>Unsere <strong>Anschrift,</strong> die <strong>Öffnungszeiten des Pfarrbüros</strong> sowie <strong>Hinweise zum Datenschutz</strong> finden Sie unter <em>&#8222;Impressum&#8220;.</em></p>



<p>Auch unsere <strong>Kontonummer</strong> ist dort zu finden, falls Sie uns etwas spenden möchten<em>.</em></p>



<p>Die aktuellen Veranstaltungen und Termine der Gruppen und Kreise stehen unter <strong>&#8222;Gottesdienste/Veranstaltungen&#8220;</strong> und dann unter dem jeweiligen Ort.</p>



<p>Der <strong>Gottesdienstplan</strong> bietet eine längerfristige Übersicht zu unseren Gottesdiensten.</p>



<p>Schauen Sie auch unter <strong>&#8222;Aktuelles&#8220;</strong> dort sind jeweils Veranstaltungshinweise oder kleine Berichte zu Ereignissen eingestellt. Diese finden Sie auch auf der rechten Seite (Letzte Artikel)<strong>.</strong></p>

<p>Herzlich willkommen auf der Homepage der Evangelischen Kirchengemeinde Meißenheim und der Evangelischen Kirchengemeinde Kürzell. Schön, dass Sie bei uns rein schauen! Kirchengemeinderäte in Kürzell und Meißenheim Bei der Kirchenwahl am 1. Advent 2025 sind für die Evangelische Kirchengemeinde Kürzell folgende &hellip; <a href="https://www.ekimeissenheim.de/">Weiterlesen <span class="meta-nav">&rarr;</span></a></p>
