{"id":194,"date":"2010-07-27T12:59:41","date_gmt":"2010-07-27T10:59:41","guid":{"rendered":"http:\/\/www.ekimeissenheim.de\/?page_id=194"},"modified":"2025-10-09T12:35:46","modified_gmt":"2025-10-09T10:35:46","slug":"termine","status":"publish","type":"page","link":"https:\/\/www.ekimeissenheim.de\/?page_id=194","title":{"rendered":"Termine"},"content":{"rendered":"\n<h2 class=\"wp-block-heading\">In den Sommerferien findet kein Konfirmandenunterricht statt.<\/h2>\n\n\n\n<p><strong>A) Konfirmandenunterricht &#8211; monatliche Mittwoche um 15 Uhr:<\/strong><\/p>\n\n\n\n<p>Mittwoch, 17. September 2025<br>Mittwoch, 15. Oktober<br>Mittwoch, 12. November<br>Mittwoch, 10. Dezember<br>Mittwoch, 14. Januar<br>Mittwoch, 11. Februar<br>Mittwoch, 18. M\u00e4rz<br>Mittwoch, 15. April (nur Mei\u00dfenheim)<br>Mittwoch, 22. April (nur K\u00fcrzell und Allmannsweier)<\/p>\n\n\n\n<p><strong>B) au\u00dferhalb der Mittwochnachmittage:<\/strong><br>Sonntag, 12. Oktober: Vorstellung der Konfirmanden im Gottesdienst<\/p>\n\n\n\n<p>26. \u2013 28. September (Freitagabend bis Sonntag nachmittag): Konficamp auf dem CVJM-Marienhof bei Offenburg, mit \u00dcbernachtung in eigenen Zelten<\/p>\n\n\n\n<p>25.-29. Oktober (ganze Tage von Samstag bis Dienstag): Konfi-Tage im Gemeindehaus, ohne \u00dcbernachtung<\/p>\n\n\n\n<p>19.\u2013 22. Februar 2026 (Donnerstagabend bis Sonntag): verl\u00e4ngertes Konfiwochenende, Schlageten bei St. Blasien, mit \u00dcbernachtung in 2-8 Betten-Zimmern<\/p>\n\n\n\n<p>2. April: Abendmahlsgottesdienst am Gr\u00fcndonnerstag<\/p>\n\n\n\n<p>3. April: Abendmahlsgottesdienst am Karfreitag<\/p>\n\n\n\n<p>29. M\u00e4rz 2026: Gottesdienst mit Konfirmanden-Gespr\u00e4ch<\/p>\n\n\n\n<p>19. April 2026: 10.15 Uhr Konfirmationsgottesdienst Mei\u00dfenheim<\/p>\n\n\n\n<p>26. April 2026: 10.15 Uhr Konfirmationsgottesdienst K\u00fcrzell<\/p>\n\n\n\n<p><\/p>\n","protected":false},"excerpt":{"rendered":"<p>In den Sommerferien findet kein Konfirmandenunterricht statt. A) Konfirmandenunterricht &#8211; monatliche Mittwoche um 15 Uhr: Mittwoch, 17. September 2025Mittwoch, 15. OktoberMittwoch, 12. NovemberMittwoch, 10. DezemberMittwoch, 14. JanuarMittwoch, 11. FebruarMittwoch, 18. M\u00e4rzMittwoch, 15. April (nur Mei\u00dfenheim)Mittwoch, 22. April (nur K\u00fcrzell und &hellip; <a href=\"https:\/\/www.ekimeissenheim.de\/?page_id=194\">Weiterlesen <span class=\"meta-nav\">&rarr;<\/span><\/a><\/p>\n","protected":false},"author":2,"featured_media":0,"parent":31,"menu_order":0,"comment_status":"open","ping_status":"open","template":"","meta":{"ngg_post_thumbnail":0,"footnotes":""},"class_list":["post-194","page","type-page","status-publish","hentry"],"_links":{"self":[{"href":"https:\/\/www.ekimeissenheim.de\/index.php?rest_route=\/wp\/v2\/pages\/194","targetHints":{"allow":["GET"]}}],"collection":[{"href":"https:\/\/www.ekimeissenheim.de\/index.php?rest_route=\/wp\/v2\/pages"}],"about":[{"href":"https:\/\/www.ekimeissenheim.de\/index.php?rest_route=\/wp\/v2\/types\/page"}],"author":[{"embeddable":true,"href":"https:\/\/www.ekimeissenheim.de\/index.php?rest_route=\/wp\/v2\/users\/2"}],"replies":[{"embeddable":true,"href":"https:\/\/www.ekimeissenheim.de\/index.php?rest_route=%2Fwp%2Fv2%2Fcomments&post=194"}],"version-history":[{"count":88,"href":"https:\/\/www.ekimeissenheim.de\/index.php?rest_route=\/wp\/v2\/pages\/194\/revisions"}],"predecessor-version":[{"id":8764,"href":"https:\/\/www.ekimeissenheim.de\/index.php?rest_route=\/wp\/v2\/pages\/194\/revisions\/8764"}],"up":[{"embeddable":true,"href":"https:\/\/www.ekimeissenheim.de\/index.php?rest_route=\/wp\/v2\/pages\/31"}],"wp:attachment":[{"href":"https:\/\/www.ekimeissenheim.de\/index.php?rest_route=%2Fwp%2Fv2%2Fmedia&parent=194"}],"curies":[{"name":"wp","href":"https:\/\/api.w.org\/{rel}","templated":true}]}}

<h2 class="wp-block-heading">In den Sommerferien findet kein Konfirmandenunterricht statt.</h2>



<p><strong>A) Konfirmandenunterricht &#8211; monatliche Mittwoche um 15 Uhr:</strong></p>



<p>Mittwoch, 17. September 2025<br>Mittwoch, 15. Oktober<br>Mittwoch, 12. November<br>Mittwoch, 10. Dezember<br>Mittwoch, 14. Januar<br>Mittwoch, 11. Februar<br>Mittwoch, 18. März<br>Mittwoch, 15. April (nur Meißenheim)<br>Mittwoch, 22. April (nur Kürzell und Allmannsweier)</p>



<p><strong>B) außerhalb der Mittwochnachmittage:</strong><br>Sonntag, 12. Oktober: Vorstellung der Konfirmanden im Gottesdienst</p>



<p>26. – 28. September (Freitagabend bis Sonntag nachmittag): Konficamp auf dem CVJM-Marienhof bei Offenburg, mit Übernachtung in eigenen Zelten</p>



<p>25.-29. Oktober (ganze Tage von Samstag bis Dienstag): Konfi-Tage im Gemeindehaus, ohne Übernachtung</p>



<p>19.– 22. Februar 2026 (Donnerstagabend bis Sonntag): verlängertes Konfiwochenende, Schlageten bei St. Blasien, mit Übernachtung in 2-8 Betten-Zimmern</p>



<p>2. April: Abendmahlsgottesdienst am Gründonnerstag</p>



<p>3. April: Abendmahlsgottesdienst am Karfreitag</p>



<p>29. März 2026: Gottesdienst mit Konfirmanden-Gespräch</p>



<p>19. April 2026: 10.15 Uhr Konfirmationsgottesdienst Meißenheim</p>



<p>26. April 2026: 10.15 Uhr Konfirmationsgottesdienst Kürzell</p>



<p></p>

<p>In den Sommerferien findet kein Konfirmandenunterricht statt. A) Konfirmandenunterricht &#8211; monatliche Mittwoche um 15 Uhr: Mittwoch, 17. September 2025Mittwoch, 15. OktoberMittwoch, 12. NovemberMittwoch, 10. DezemberMittwoch, 14. JanuarMittwoch, 11. FebruarMittwoch, 18. MärzMittwoch, 15. April (nur Meißenheim)Mittwoch, 22. April (nur Kürzell und &hellip; <a href="https://www.ekimeissenheim.de/?page_id=194">Weiterlesen <span class="meta-nav">&rarr;</span></a></p>
