{"id":182,"date":"2010-07-27T12:33:41","date_gmt":"2010-07-27T10:33:41","guid":{"rendered":"http:\/\/www.ekimeissenheim.de\/?page_id=182"},"modified":"2024-05-14T09:47:07","modified_gmt":"2024-05-14T07:47:07","slug":"unsere-konfirmandinnenkonfirmanden","status":"publish","type":"page","link":"https:\/\/www.ekimeissenheim.de\/?page_id=182","title":{"rendered":"Bilder"},"content":{"rendered":"\n<figure class=\"wp-block-image size-large\"><a href=\"http:\/\/www.ekimeissenheim.de\/wp-content\/uploads\/FOTOZIM_COM_MIN_Konfirmation_MH_2024_0015.jpg\"><img loading=\"lazy\" decoding=\"async\" width=\"1024\" height=\"683\" src=\"http:\/\/www.ekimeissenheim.de\/wp-content\/uploads\/FOTOZIM_COM_MIN_Konfirmation_MH_2024_0015-1024x683.jpg\" alt=\"\" class=\"wp-image-8267\" srcset=\"https:\/\/www.ekimeissenheim.de\/wp-content\/uploads\/FOTOZIM_COM_MIN_Konfirmation_MH_2024_0015-1024x683.jpg 1024w, https:\/\/www.ekimeissenheim.de\/wp-content\/uploads\/FOTOZIM_COM_MIN_Konfirmation_MH_2024_0015-300x200.jpg 300w, https:\/\/www.ekimeissenheim.de\/wp-content\/uploads\/FOTOZIM_COM_MIN_Konfirmation_MH_2024_0015-768x512.jpg 768w, https:\/\/www.ekimeissenheim.de\/wp-content\/uploads\/FOTOZIM_COM_MIN_Konfirmation_MH_2024_0015-1536x1024.jpg 1536w, https:\/\/www.ekimeissenheim.de\/wp-content\/uploads\/FOTOZIM_COM_MIN_Konfirmation_MH_2024_0015-2048x1366.jpg 2048w\" sizes=\"auto, (max-width: 1024px) 100vw, 1024px\" \/><\/a><\/figure>\n\n\n\n<h2 class=\"wp-block-heading\">Konfirmanden aus Mei\u00dfenheim und K\u00fcrzell, die am Sonntag &#8222;Misericordias&#8220;, 14. April 2024 durch Diakonin Anna Lohf konfirmiert wurden.<\/h2>\n\n\n\n<p>Wir w\u00fcnschen unseren Konfirmierten einen gesegneten Lebensweg und dass die Beziehung zu ihrer Gemeinde lebendig bleibt.<\/p>\n\n\n\n<figure class=\"wp-block-image size-large\"><a href=\"http:\/\/www.ekimeissenheim.de\/wp-content\/uploads\/Konfirmation-2024-1.jpg\"><img loading=\"lazy\" decoding=\"async\" width=\"1024\" height=\"683\" src=\"http:\/\/www.ekimeissenheim.de\/wp-content\/uploads\/Konfirmation-2024-1-1024x683.jpg\" alt=\"\" class=\"wp-image-8269\" srcset=\"https:\/\/www.ekimeissenheim.de\/wp-content\/uploads\/Konfirmation-2024-1-1024x683.jpg 1024w, https:\/\/www.ekimeissenheim.de\/wp-content\/uploads\/Konfirmation-2024-1-300x200.jpg 300w, https:\/\/www.ekimeissenheim.de\/wp-content\/uploads\/Konfirmation-2024-1-768x512.jpg 768w, https:\/\/www.ekimeissenheim.de\/wp-content\/uploads\/Konfirmation-2024-1-1536x1024.jpg 1536w, https:\/\/www.ekimeissenheim.de\/wp-content\/uploads\/Konfirmation-2024-1-2048x1366.jpg 2048w\" sizes=\"auto, (max-width: 1024px) 100vw, 1024px\" \/><\/a><\/figure>\n\n\n\n<p><strong>Nutzungsrecht:<\/strong><br>Die Fotos d\u00fcrfen zeitlich und r\u00e4umlich unbeschr\u00e4nkt verwendet werden, vorausgesetz es werden keine Pers\u00f6nlichkeitsrechte verletzt.<br>Diese sind ggf. von den einzelnen abgebildeten Personen einzuholen. Der Fotograf (Fedor Zimmermann) haftet hierf\u00fcr nicht!<br>Das Urheberrecht ist zu beachten.<br>Die Fotografien sind f\u00fcr den pers\u00f6nlichen Gebrauch bestimmt. Alle weiteren Verwendungen sind mit dem Fotografen abzusprechen.<\/p>\n\n\n\n<p><strong>Namensnennung:<\/strong><br>Als Namensnennung in Zeitungspublikationen und Social Media (Facebook, Instagram, etc. ) ist die Website (&#8222;FotoZim.com&#8220;) des Fotografen bzw. dessen Vor- und Nachnamen (&#8222;Fedor Zimmermann&#8220;) zu nennen.<\/p>\n\n\n\n<p><strong>Rechte Dritter:<\/strong><br>Es ist darauf zu achten, dass Rechte Dritter nicht verletzt werden (Personen, Logos, \u2026). Der Fotograf \u00fcbernimmt hierf\u00fcr KEINE Haftung.<\/p>\n\n\n\n<p>Der Datenschutz wurde vom Kunden unterzeichnet und akzeptiert. (Datenschutz nach 25.5.2018)<\/p>\n\n\n\n<p>Viel Freude mit den Fotografien w\u00fcnscht:<br>Fedor Zimmermann<br>FotoZim.com<\/p>\n\n\n\n<p><\/p>\n","protected":false},"excerpt":{"rendered":"<p>Konfirmanden aus Mei\u00dfenheim und K\u00fcrzell, die am Sonntag &#8222;Misericordias&#8220;, 14. April 2024 durch Diakonin Anna Lohf konfirmiert wurden. Wir w\u00fcnschen unseren Konfirmierten einen gesegneten Lebensweg und dass die Beziehung zu ihrer Gemeinde lebendig bleibt. Nutzungsrecht:Die Fotos d\u00fcrfen zeitlich und r\u00e4umlich &hellip; <a href=\"https:\/\/www.ekimeissenheim.de\/?page_id=182\">Weiterlesen <span class=\"meta-nav\">&rarr;<\/span><\/a><\/p>\n","protected":false},"author":2,"featured_media":0,"parent":31,"menu_order":0,"comment_status":"open","ping_status":"open","template":"","meta":{"ngg_post_thumbnail":0,"footnotes":""},"class_list":["post-182","page","type-page","status-publish","hentry"],"_links":{"self":[{"href":"https:\/\/www.ekimeissenheim.de\/index.php?rest_route=\/wp\/v2\/pages\/182","targetHints":{"allow":["GET"]}}],"collection":[{"href":"https:\/\/www.ekimeissenheim.de\/index.php?rest_route=\/wp\/v2\/pages"}],"about":[{"href":"https:\/\/www.ekimeissenheim.de\/index.php?rest_route=\/wp\/v2\/types\/page"}],"author":[{"embeddable":true,"href":"https:\/\/www.ekimeissenheim.de\/index.php?rest_route=\/wp\/v2\/users\/2"}],"replies":[{"embeddable":true,"href":"https:\/\/www.ekimeissenheim.de\/index.php?rest_route=%2Fwp%2Fv2%2Fcomments&post=182"}],"version-history":[{"count":47,"href":"https:\/\/www.ekimeissenheim.de\/index.php?rest_route=\/wp\/v2\/pages\/182\/revisions"}],"predecessor-version":[{"id":8275,"href":"https:\/\/www.ekimeissenheim.de\/index.php?rest_route=\/wp\/v2\/pages\/182\/revisions\/8275"}],"up":[{"embeddable":true,"href":"https:\/\/www.ekimeissenheim.de\/index.php?rest_route=\/wp\/v2\/pages\/31"}],"wp:attachment":[{"href":"https:\/\/www.ekimeissenheim.de\/index.php?rest_route=%2Fwp%2Fv2%2Fmedia&parent=182"}],"curies":[{"name":"wp","href":"https:\/\/api.w.org\/{rel}","templated":true}]}}

<figure class="wp-block-image size-large"><a href="http://www.ekimeissenheim.de/wp-content/uploads/FOTOZIM_COM_MIN_Konfirmation_MH_2024_0015.jpg"><img loading="lazy" decoding="async" width="1024" height="683" src="http://www.ekimeissenheim.de/wp-content/uploads/FOTOZIM_COM_MIN_Konfirmation_MH_2024_0015-1024x683.jpg" alt="" class="wp-image-8267" srcset="https://www.ekimeissenheim.de/wp-content/uploads/FOTOZIM_COM_MIN_Konfirmation_MH_2024_0015-1024x683.jpg 1024w, https://www.ekimeissenheim.de/wp-content/uploads/FOTOZIM_COM_MIN_Konfirmation_MH_2024_0015-300x200.jpg 300w, https://www.ekimeissenheim.de/wp-content/uploads/FOTOZIM_COM_MIN_Konfirmation_MH_2024_0015-768x512.jpg 768w, https://www.ekimeissenheim.de/wp-content/uploads/FOTOZIM_COM_MIN_Konfirmation_MH_2024_0015-1536x1024.jpg 1536w, https://www.ekimeissenheim.de/wp-content/uploads/FOTOZIM_COM_MIN_Konfirmation_MH_2024_0015-2048x1366.jpg 2048w" sizes="auto, (max-width: 1024px) 100vw, 1024px" /></a></figure>



<h2 class="wp-block-heading">Konfirmanden aus Meißenheim und Kürzell, die am Sonntag &#8222;Misericordias&#8220;, 14. April 2024 durch Diakonin Anna Lohf konfirmiert wurden.</h2>



<p>Wir wünschen unseren Konfirmierten einen gesegneten Lebensweg und dass die Beziehung zu ihrer Gemeinde lebendig bleibt.</p>



<figure class="wp-block-image size-large"><a href="http://www.ekimeissenheim.de/wp-content/uploads/Konfirmation-2024-1.jpg"><img loading="lazy" decoding="async" width="1024" height="683" src="http://www.ekimeissenheim.de/wp-content/uploads/Konfirmation-2024-1-1024x683.jpg" alt="" class="wp-image-8269" srcset="https://www.ekimeissenheim.de/wp-content/uploads/Konfirmation-2024-1-1024x683.jpg 1024w, https://www.ekimeissenheim.de/wp-content/uploads/Konfirmation-2024-1-300x200.jpg 300w, https://www.ekimeissenheim.de/wp-content/uploads/Konfirmation-2024-1-768x512.jpg 768w, https://www.ekimeissenheim.de/wp-content/uploads/Konfirmation-2024-1-1536x1024.jpg 1536w, https://www.ekimeissenheim.de/wp-content/uploads/Konfirmation-2024-1-2048x1366.jpg 2048w" sizes="auto, (max-width: 1024px) 100vw, 1024px" /></a></figure>



<p><strong>Nutzungsrecht:</strong><br>Die Fotos dürfen zeitlich und räumlich unbeschränkt verwendet werden, vorausgesetz es werden keine Persönlichkeitsrechte verletzt.<br>Diese sind ggf. von den einzelnen abgebildeten Personen einzuholen. Der Fotograf (Fedor Zimmermann) haftet hierfür nicht!<br>Das Urheberrecht ist zu beachten.<br>Die Fotografien sind für den persönlichen Gebrauch bestimmt. Alle weiteren Verwendungen sind mit dem Fotografen abzusprechen.</p>



<p><strong>Namensnennung:</strong><br>Als Namensnennung in Zeitungspublikationen und Social Media (Facebook, Instagram, etc. ) ist die Website (&#8222;FotoZim.com&#8220;) des Fotografen bzw. dessen Vor- und Nachnamen (&#8222;Fedor Zimmermann&#8220;) zu nennen.</p>



<p><strong>Rechte Dritter:</strong><br>Es ist darauf zu achten, dass Rechte Dritter nicht verletzt werden (Personen, Logos, …). Der Fotograf übernimmt hierfür KEINE Haftung.</p>



<p>Der Datenschutz wurde vom Kunden unterzeichnet und akzeptiert. (Datenschutz nach 25.5.2018)</p>



<p>Viel Freude mit den Fotografien wünscht:<br>Fedor Zimmermann<br>FotoZim.com</p>



<p></p>

<p>Konfirmanden aus Meißenheim und Kürzell, die am Sonntag &#8222;Misericordias&#8220;, 14. April 2024 durch Diakonin Anna Lohf konfirmiert wurden. Wir wünschen unseren Konfirmierten einen gesegneten Lebensweg und dass die Beziehung zu ihrer Gemeinde lebendig bleibt. Nutzungsrecht:Die Fotos dürfen zeitlich und räumlich &hellip; <a href="https://www.ekimeissenheim.de/?page_id=182">Weiterlesen <span class="meta-nav">&rarr;</span></a></p>
