{"id":1291,"date":"2011-11-16T12:09:58","date_gmt":"2011-11-16T10:09:58","guid":{"rendered":"http:\/\/www.ekimeissenheim.de\/?page_id=1291"},"modified":"2023-06-12T11:57:32","modified_gmt":"2023-06-12T09:57:32","slug":"kindergarten-arche-noah-meisenheim","status":"publish","type":"page","link":"https:\/\/www.ekimeissenheim.de\/?page_id=1291","title":{"rendered":"Kindergarten &#8222;Arche Noah&#8220; Mei\u00dfenheim"},"content":{"rendered":"<h3><a href=\"http:\/\/www.ekimeissenheim.de\/wp-content\/uploads\/Logo-neu.jpg\"><img loading=\"lazy\" decoding=\"async\" class=\"size-medium wp-image-7754 alignleft\" src=\"http:\/\/www.ekimeissenheim.de\/wp-content\/uploads\/Logo-neu-300x146.jpg\" alt=\"\" width=\"300\" height=\"146\" srcset=\"https:\/\/www.ekimeissenheim.de\/wp-content\/uploads\/Logo-neu-300x146.jpg 300w, https:\/\/www.ekimeissenheim.de\/wp-content\/uploads\/Logo-neu-1024x500.jpg 1024w, https:\/\/www.ekimeissenheim.de\/wp-content\/uploads\/Logo-neu-768x375.jpg 768w, https:\/\/www.ekimeissenheim.de\/wp-content\/uploads\/Logo-neu-1536x749.jpg 1536w, https:\/\/www.ekimeissenheim.de\/wp-content\/uploads\/Logo-neu-2048x999.jpg 2048w\" sizes=\"auto, (max-width: 300px) 100vw, 300px\" \/><\/a><strong>&#8222;Wir k\u00f6nnen die Kinder nach unserem Sinne nicht formen; <\/strong><strong>so wie Gott sie uns gab, so muss man sie haben und lieben.\u201c<\/strong><br \/>\n<em>Johann Wolfgang von Goethe (1749-1832), Dichter<\/em><\/h3>\n<p>Bei uns werden bis zu 120 Kinder von einem Jahr bis zum Schuleintritt betreut. Die Kinder finden bei uns Bildungsr\u00e4ume vor, die durch ihre vielseitige Ausstattung die kindliche Neugier wecken, ihren unterschiedlichen Entwicklungsbed\u00fcrfnissen entsprechen und ein lustvolles Lernen in ihrem eigenen Rhythmus erm\u00f6glichen.<\/p>\n<p data-wp-editing=\"1\">Achtsamkeit und Einf\u00fchlungsverm\u00f6gen ist die Grundlage unseres p\u00e4dagogischen Handelns. Wir lassen uns auf das Tun und Werden jedes Kindes mit gro\u00dfem Respekt und Wertsch\u00e4tzung f\u00fcr dessen Bildungsprozesse ein und nehmen es somit ernst. Wir wollen die Individualit\u00e4t und Einzigartigkeit jedes Kindes achten. Wir sehen die Vielfalt und Unterschiedlichkeit der Kinder als Herausforderung und Chance.<\/p>\n<p>Spielen ist die dem Kind eigene Art, sich mit seiner Umwelt auseinanderzusetzen, sie zu erforschen, zu begreifen und zu \u201eerobern\u201c. Wir verstehen uns als Wegbegleiter des Kindes und unterst\u00fctzen es in seiner Entwicklung.<a href=\"http:\/\/www.ekimeissenheim.de\/wp-content\/uploads\/Foto-Hof-scaled.jpg\"><img loading=\"lazy\" decoding=\"async\" class=\"size-medium wp-image-7753 alignright\" src=\"http:\/\/www.ekimeissenheim.de\/wp-content\/uploads\/Foto-Hof-225x300.jpg\" alt=\"\" width=\"225\" height=\"300\" srcset=\"https:\/\/www.ekimeissenheim.de\/wp-content\/uploads\/Foto-Hof-225x300.jpg 225w, https:\/\/www.ekimeissenheim.de\/wp-content\/uploads\/Foto-Hof-768x1024.jpg 768w, https:\/\/www.ekimeissenheim.de\/wp-content\/uploads\/Foto-Hof-1152x1536.jpg 1152w, https:\/\/www.ekimeissenheim.de\/wp-content\/uploads\/Foto-Hof-1536x2048.jpg 1536w, https:\/\/www.ekimeissenheim.de\/wp-content\/uploads\/Foto-Hof-scaled.jpg 1920w\" sizes=\"auto, (max-width: 225px) 100vw, 225px\" \/><\/a><\/p>\n<p>Regelm\u00e4\u00dfige Beobachtungen nach dem \u201einfans\u201c Konzept machen die individuelle Ausgangslage des Kindes zum Ausgangspunkt unseres p\u00e4dagogischen Handelns. Interessen und Themen des Kindes greifen wir in Projekten und Angeboten auf.<\/p>\n<p>In den Portfolios halten wir greifbare Lernspuren der pers\u00f6nlichen Bildungsbiografie jedes Kindes fest.<\/p>\n<p>Religion geh\u00f6rt unverzichtbar zum Aufwachsen eines Kindes. Wir Erzieherinnen des Evangelischen Kindergartens Mei\u00dfenheims packen ganz bewusst in den Glaubenskoffer jedes Kindes biblische Geschichten, Lieder zum Lob Gottes, Gebete \u2026 mit ein. Wir wollen den Kindern den christlichen Glauben in unserem t\u00e4glichen Miteinander sp\u00fcrbar und erlebbar machen. Durch wohltuende, wiederkehrende Rituale geben wir den Kindern in unserem Alltag Orientierung, Sicherheit und Halt. Sie begegnen bei uns Erwachsenen, die ihnen den Glauben vorleben, ihnen davon erz\u00e4hlen und auf ihre Fragen nach Gott eingehen. Feste des Kirchenjahres haben bei uns einen festen Platz.<\/p>\n<p>F\u00fcr weitere Informationen stehen wir gerne pers\u00f6nlich zur Verf\u00fcgung.<br \/>\nMartina Goldammer (Kindergartenleiterin) und das Kindergartenteam &#8211; Tel. 07824-1804<\/p>\n<p>Die Entgeltliste f\u00fcr die Betreuung finden sie auf der Homepage der Politischen Gemeinde: meissenheim.de&nbsp; (unter Bildung &amp; Soziales &#8211;&gt;Kinderg\u00e4rten)<\/p>\n<p class=\"x_ContentPasted0\"><strong class=\"x_ContentPasted0\">&nbsp;<\/strong><\/p>\n<p class=\"x_ContentPasted0\">&nbsp;<\/p>\n","protected":false},"excerpt":{"rendered":"<p>&#8222;Wir k\u00f6nnen die Kinder nach unserem Sinne nicht formen; so wie Gott sie uns gab, so muss man sie haben und lieben.\u201c Johann Wolfgang von Goethe (1749-1832), Dichter Bei uns werden bis zu 120 Kinder von einem Jahr bis zum &hellip; <a href=\"https:\/\/www.ekimeissenheim.de\/?page_id=1291\">Weiterlesen <span class=\"meta-nav\">&rarr;<\/span><\/a><\/p>\n","protected":false},"author":2,"featured_media":0,"parent":395,"menu_order":0,"comment_status":"open","ping_status":"open","template":"","meta":{"ngg_post_thumbnail":0,"footnotes":""},"class_list":["post-1291","page","type-page","status-publish","hentry"],"_links":{"self":[{"href":"https:\/\/www.ekimeissenheim.de\/index.php?rest_route=\/wp\/v2\/pages\/1291","targetHints":{"allow":["GET"]}}],"collection":[{"href":"https:\/\/www.ekimeissenheim.de\/index.php?rest_route=\/wp\/v2\/pages"}],"about":[{"href":"https:\/\/www.ekimeissenheim.de\/index.php?rest_route=\/wp\/v2\/types\/page"}],"author":[{"embeddable":true,"href":"https:\/\/www.ekimeissenheim.de\/index.php?rest_route=\/wp\/v2\/users\/2"}],"replies":[{"embeddable":true,"href":"https:\/\/www.ekimeissenheim.de\/index.php?rest_route=%2Fwp%2Fv2%2Fcomments&post=1291"}],"version-history":[{"count":28,"href":"https:\/\/www.ekimeissenheim.de\/index.php?rest_route=\/wp\/v2\/pages\/1291\/revisions"}],"predecessor-version":[{"id":7866,"href":"https:\/\/www.ekimeissenheim.de\/index.php?rest_route=\/wp\/v2\/pages\/1291\/revisions\/7866"}],"up":[{"embeddable":true,"href":"https:\/\/www.ekimeissenheim.de\/index.php?rest_route=\/wp\/v2\/pages\/395"}],"wp:attachment":[{"href":"https:\/\/www.ekimeissenheim.de\/index.php?rest_route=%2Fwp%2Fv2%2Fmedia&parent=1291"}],"curies":[{"name":"wp","href":"https:\/\/api.w.org\/{rel}","templated":true}]}}

Kindergarten &#8222;Arche Noah&#8220; Meißenheim

<h3><a href="http://www.ekimeissenheim.de/wp-content/uploads/Logo-neu.jpg"><img loading="lazy" decoding="async" class="size-medium wp-image-7754 alignleft" src="http://www.ekimeissenheim.de/wp-content/uploads/Logo-neu-300x146.jpg" alt="" width="300" height="146" srcset="https://www.ekimeissenheim.de/wp-content/uploads/Logo-neu-300x146.jpg 300w, https://www.ekimeissenheim.de/wp-content/uploads/Logo-neu-1024x500.jpg 1024w, https://www.ekimeissenheim.de/wp-content/uploads/Logo-neu-768x375.jpg 768w, https://www.ekimeissenheim.de/wp-content/uploads/Logo-neu-1536x749.jpg 1536w, https://www.ekimeissenheim.de/wp-content/uploads/Logo-neu-2048x999.jpg 2048w" sizes="auto, (max-width: 300px) 100vw, 300px" /></a><strong>&#8222;Wir können die Kinder nach unserem Sinne nicht formen; </strong><strong>so wie Gott sie uns gab, so muss man sie haben und lieben.“</strong><br />
<em>Johann Wolfgang von Goethe (1749-1832), Dichter</em></h3>
<p>Bei uns werden bis zu 120 Kinder von einem Jahr bis zum Schuleintritt betreut. Die Kinder finden bei uns Bildungsräume vor, die durch ihre vielseitige Ausstattung die kindliche Neugier wecken, ihren unterschiedlichen Entwicklungsbedürfnissen entsprechen und ein lustvolles Lernen in ihrem eigenen Rhythmus ermöglichen.</p>
<p data-wp-editing="1">Achtsamkeit und Einfühlungsvermögen ist die Grundlage unseres pädagogischen Handelns. Wir lassen uns auf das Tun und Werden jedes Kindes mit großem Respekt und Wertschätzung für dessen Bildungsprozesse ein und nehmen es somit ernst. Wir wollen die Individualität und Einzigartigkeit jedes Kindes achten. Wir sehen die Vielfalt und Unterschiedlichkeit der Kinder als Herausforderung und Chance.</p>
<p>Spielen ist die dem Kind eigene Art, sich mit seiner Umwelt auseinanderzusetzen, sie zu erforschen, zu begreifen und zu „erobern“. Wir verstehen uns als Wegbegleiter des Kindes und unterstützen es in seiner Entwicklung.<a href="http://www.ekimeissenheim.de/wp-content/uploads/Foto-Hof-scaled.jpg"><img loading="lazy" decoding="async" class="size-medium wp-image-7753 alignright" src="http://www.ekimeissenheim.de/wp-content/uploads/Foto-Hof-225x300.jpg" alt="" width="225" height="300" srcset="https://www.ekimeissenheim.de/wp-content/uploads/Foto-Hof-225x300.jpg 225w, https://www.ekimeissenheim.de/wp-content/uploads/Foto-Hof-768x1024.jpg 768w, https://www.ekimeissenheim.de/wp-content/uploads/Foto-Hof-1152x1536.jpg 1152w, https://www.ekimeissenheim.de/wp-content/uploads/Foto-Hof-1536x2048.jpg 1536w, https://www.ekimeissenheim.de/wp-content/uploads/Foto-Hof-scaled.jpg 1920w" sizes="auto, (max-width: 225px) 100vw, 225px" /></a></p>
<p>Regelmäßige Beobachtungen nach dem „infans“ Konzept machen die individuelle Ausgangslage des Kindes zum Ausgangspunkt unseres pädagogischen Handelns. Interessen und Themen des Kindes greifen wir in Projekten und Angeboten auf.</p>
<p>In den Portfolios halten wir greifbare Lernspuren der persönlichen Bildungsbiografie jedes Kindes fest.</p>
<p>Religion gehört unverzichtbar zum Aufwachsen eines Kindes. Wir Erzieherinnen des Evangelischen Kindergartens Meißenheims packen ganz bewusst in den Glaubenskoffer jedes Kindes biblische Geschichten, Lieder zum Lob Gottes, Gebete … mit ein. Wir wollen den Kindern den christlichen Glauben in unserem täglichen Miteinander spürbar und erlebbar machen. Durch wohltuende, wiederkehrende Rituale geben wir den Kindern in unserem Alltag Orientierung, Sicherheit und Halt. Sie begegnen bei uns Erwachsenen, die ihnen den Glauben vorleben, ihnen davon erzählen und auf ihre Fragen nach Gott eingehen. Feste des Kirchenjahres haben bei uns einen festen Platz.</p>
<p>Für weitere Informationen stehen wir gerne persönlich zur Verfügung.<br />
Martina Goldammer (Kindergartenleiterin) und das Kindergartenteam &#8211; Tel. 07824-1804</p>
<p>Die Entgeltliste für die Betreuung finden sie auf der Homepage der Politischen Gemeinde: meissenheim.de&nbsp; (unter Bildung &amp; Soziales &#8211;&gt;Kindergärten)</p>
<p class="x_ContentPasted0"><strong class="x_ContentPasted0">&nbsp;</strong></p>
<p class="x_ContentPasted0">&nbsp;</p>

<p>&#8222;Wir können die Kinder nach unserem Sinne nicht formen; so wie Gott sie uns gab, so muss man sie haben und lieben.“ Johann Wolfgang von Goethe (1749-1832), Dichter Bei uns werden bis zu 120 Kinder von einem Jahr bis zum &hellip; <a href="https://www.ekimeissenheim.de/?page_id=1291">Weiterlesen <span class="meta-nav">&rarr;</span></a></p>
